{"id":7448,"date":"2020-02-12T12:29:16","date_gmt":"2020-02-12T12:29:16","guid":{"rendered":"https:\/\/vs-manufaktur.de\/?post_type=portfolio&#038;p=7448"},"modified":"2022-03-17T10:58:46","modified_gmt":"2022-03-17T10:58:46","slug":"vao","status":"publish","type":"portfolio","link":"https:\/\/vs-manufaktur.de\/fr\/portfolio\/vao\/","title":{"rendered":"VAO"},"content":{"rendered":"<div class=\"wpb-content-wrapper\"><p>[vc_row][vc_column width=\u00a0\u00bb1\/2&Prime;][vc_column_text css=\u00a0\u00bb.vc_custom_1634291210209{margin-top: -5px !important;}\u00a0\u00bb]<\/p>\n<p class=\"p1\"><strong>Wandleuchte,<\/strong><br \/>\n<strong>mit flexibler, verst\u00e4rkter Stahlfeder<\/strong><\/p>\n<p>[\/vc_column_text][vc_column_text css=\u00a0\u00bb.vc_custom_1634291205045{margin-top: -10px !important;}\u00a0\u00bb]<\/p>\n<table>\n<tbody>\n<tr>\n<td width=\"130px\">Designed by:<\/td>\n<td>Florian Schulz<\/td>\n<\/tr>\n<\/tbody>\n<\/table>\n<p>[\/vc_column_text][vc_column_text]<\/p>\n<table>\n<tbody>\n<tr>\n<td width=\"130px\">H\u00f6he:<\/td>\n<td>ca. 44 cm<\/td>\n<\/tr>\n<tr>\n<td width=\"130px\">Schirm:<\/td>\n<td>TEFLON wei\u00df, \u00d8 7 cm<\/td>\n<\/tr>\n<tr>\n<td>Fassung:<\/td>\n<td>GY6.35, max. 20 W \/ 12 V<\/td>\n<\/tr>\n<tr>\n<td>Leuchtmittel:<\/td>\n<td>1 x G6 inkl., 35 W entspricht 50 W, dimmbar<\/td>\n<\/tr>\n<tr>\n<td>Dimmer:<\/td>\n<td>integriert<\/td>\n<\/tr>\n<\/tbody>\n<\/table>\n<p>[\/vc_column_text][vc_single_image image=\u00a0\u00bb7427&Prime; img_size=\u00a0\u00bblarge\u00a0\u00bb onclick=\u00a0\u00bblink_image\u00a0\u00bb css=\u00a0\u00bb.vc_custom_1611501021738{margin-right: 80px !important;}\u00a0\u00bb][\/vc_column][vc_column width=\u00a0\u00bb1\/2&Prime;][vc_gallery interval=\u00a0\u00bb3&Prime; images=\u00a0\u00bb10979&Prime; img_size=\u00a0\u00bblarge\u00a0\u00bb][\/vc_column][\/vc_row][vc_row][vc_column][\/vc_column][\/vc_row][vc_row][vc_column][vc_column_text]<\/p>\n<p class=\"p1\">Verf\u00fcgbar in folgenden Oberfl\u00e4chen:<\/p>\n<p>[\/vc_column_text][vc_single_image image=\u00a0\u00bb8018&Prime; img_size=\u00a0\u00bblarge\u00a0\u00bb alignment=\u00a0\u00bbcenter\u00a0\u00bb onclick=\u00a0\u00bblink_image\u00a0\u00bb][\/vc_column][\/vc_row][vc_row][vc_column][\/vc_column][\/vc_row][vc_row][vc_column][vc_btn title=\u00a0\u00bbDownload Bilddateien\u00a0\u00bb link=\u00a0\u00bburl:https%3A%2F%2Fvs-manufaktur.de%2Fwp-content%2Fuploads%2F2021%2F10%2FVAO.jpg.zip\u00a0\u00bb][vc_btn title=\u00a0\u00bbDownload Energielabel\u00a0\u00bb link=\u00a0\u00bburl:https%3A%2F%2Fvs-manufaktur.de%2Fwp-content%2Fuploads%2F2021%2F08%2FEnergylabel_VAO.zip\u00a0\u00bb css=\u00a0\u00bb.vc_custom_1629225220970{margin-left: 50px !important;}\u00a0\u00bb][vc_btn title=\u00a0\u00bbDownload Produktdatenblatt\u00a0\u00bb link=\u00a0\u00bburl:https%3A%2F%2Fvs-manufaktur.de%2Fwp-content%2Fuploads%2F2021%2F08%2Fdata-sheet-VAO_de.pdf.zip\u00a0\u00bb css=\u00a0\u00bb.vc_custom_1629225241367{margin-left: 50px !important;}\u00a0\u00bb][\/vc_column][\/vc_row]<\/p>\n<\/div>","protected":false},"excerpt":{"rendered":"<p>[vc_row][vc_column width=\u00a0\u00bb1\/2&Prime;][vc_column_text css=\u00a0\u00bb.vc_custom_1634291210209{margin-top: -5px !important;}\u00a0\u00bb] Wandleuchte, mit flexibler, verst\u00e4rkter Stahlfeder [\/vc_column_text][vc_column_text css=\u00a0\u00bb.vc_custom_1634291205045{margin-top: -10px !important;}\u00a0\u00bb] Designed by: Florian Schulz [\/vc_column_text][vc_column_text] H\u00f6he: ca. 44 cm Schirm: TEFLON wei\u00df, \u00d8 7 cm Fassung: GY6.35, max. 20 W \/ 12 V Leuchtmittel: 1 x G6 inkl., 35 W entspricht 50 W, dimmbar Dimmer: integriert [\/vc_column_text][vc_single_image image=\u00a0\u00bb7427&Prime; img_size=\u00a0\u00bblarge\u00a0\u00bb onclick=\u00a0\u00bblink_image\u00a0\u00bb css=\u00a0\u00bb.vc_custom_1611501021738{margin-right:&hellip;<\/p>\n","protected":false},"author":2,"featured_media":7437,"comment_status":"closed","ping_status":"closed","template":"","meta":{"_acf_changed":false,"footnotes":""},"portfolio_category":[38,87],"portfolio_tag":[],"class_list":["post-7448","portfolio","type-portfolio","status-publish","has-post-thumbnail","hentry","portfolio_category-wandleuchten","portfolio_category-wandleuchten-fs"],"translation":{"provider":"WPGlobus","version":"3.0.2","language":"fr","enabled_languages":["de","en","fr"],"languages":{"de":{"title":true,"content":true,"excerpt":false},"en":{"title":true,"content":true,"excerpt":false},"fr":{"title":false,"content":false,"excerpt":false}}},"acf":[],"aioseo_notices":[],"_links":{"self":[{"href":"https:\/\/vs-manufaktur.de\/fr\/wp-json\/wp\/v2\/portfolio\/7448","targetHints":{"allow":["GET"]}}],"collection":[{"href":"https:\/\/vs-manufaktur.de\/fr\/wp-json\/wp\/v2\/portfolio"}],"about":[{"href":"https:\/\/vs-manufaktur.de\/fr\/wp-json\/wp\/v2\/types\/portfolio"}],"author":[{"embeddable":true,"href":"https:\/\/vs-manufaktur.de\/fr\/wp-json\/wp\/v2\/users\/2"}],"replies":[{"embeddable":true,"href":"https:\/\/vs-manufaktur.de\/fr\/wp-json\/wp\/v2\/comments?post=7448"}],"version-history":[{"count":26,"href":"https:\/\/vs-manufaktur.de\/fr\/wp-json\/wp\/v2\/portfolio\/7448\/revisions"}],"predecessor-version":[{"id":10983,"href":"https:\/\/vs-manufaktur.de\/fr\/wp-json\/wp\/v2\/portfolio\/7448\/revisions\/10983"}],"wp:featuredmedia":[{"embeddable":true,"href":"https:\/\/vs-manufaktur.de\/fr\/wp-json\/wp\/v2\/media\/7437"}],"wp:attachment":[{"href":"https:\/\/vs-manufaktur.de\/fr\/wp-json\/wp\/v2\/media?parent=7448"}],"wp:term":[{"taxonomy":"portfolio_category","embeddable":true,"href":"https:\/\/vs-manufaktur.de\/fr\/wp-json\/wp\/v2\/portfolio_category?post=7448"},{"taxonomy":"portfolio_tag","embeddable":true,"href":"https:\/\/vs-manufaktur.de\/fr\/wp-json\/wp\/v2\/portfolio_tag?post=7448"}],"curies":[{"name":"wp","href":"https:\/\/api.w.org\/{rel}","templated":true}]}}

<div class="wpb-content-wrapper"><p>[vc_row][vc_column width= »1/2&Prime;][vc_column_text css= ».vc_custom_1634291210209{margin-top: -5px !important;} »]</p>
<p class="p1"><strong>Wandleuchte,</strong><br />
<strong>mit flexibler, verstärkter Stahlfeder</strong></p>
<p>[/vc_column_text][vc_column_text css= ».vc_custom_1634291205045{margin-top: -10px !important;} »]</p>
<table>
<tbody>
<tr>
<td width="130px">Designed by:</td>
<td>Florian Schulz</td>
</tr>
</tbody>
</table>
<p>[/vc_column_text][vc_column_text]</p>
<table>
<tbody>
<tr>
<td width="130px">Höhe:</td>
<td>ca. 44 cm</td>
</tr>
<tr>
<td width="130px">Schirm:</td>
<td>TEFLON weiß, Ø 7 cm</td>
</tr>
<tr>
<td>Fassung:</td>
<td>GY6.35, max. 20 W / 12 V</td>
</tr>
<tr>
<td>Leuchtmittel:</td>
<td>1 x G6 inkl., 35 W entspricht 50 W, dimmbar</td>
</tr>
<tr>
<td>Dimmer:</td>
<td>integriert</td>
</tr>
</tbody>
</table>
<p>[/vc_column_text][vc_single_image image= »7427&Prime; img_size= »large » onclick= »link_image » css= ».vc_custom_1611501021738{margin-right: 80px !important;} »][/vc_column][vc_column width= »1/2&Prime;][vc_gallery interval= »3&Prime; images= »10979&Prime; img_size= »large »][/vc_column][/vc_row][vc_row][vc_column][/vc_column][/vc_row][vc_row][vc_column][vc_column_text]</p>
<p class="p1">Verfügbar in folgenden Oberflächen:</p>
<p>[/vc_column_text][vc_single_image image= »8018&Prime; img_size= »large » alignment= »center » onclick= »link_image »][/vc_column][/vc_row][vc_row][vc_column][/vc_column][/vc_row][vc_row][vc_column][vc_btn title= »Download Bilddateien » link= »url:https%3A%2F%2Fvs-manufaktur.de%2Fwp-content%2Fuploads%2F2021%2F10%2FVAO.jpg.zip »][vc_btn title= »Download Energielabel » link= »url:https%3A%2F%2Fvs-manufaktur.de%2Fwp-content%2Fuploads%2F2021%2F08%2FEnergylabel_VAO.zip » css= ».vc_custom_1629225220970{margin-left: 50px !important;} »][vc_btn title= »Download Produktdatenblatt » link= »url:https%3A%2F%2Fvs-manufaktur.de%2Fwp-content%2Fuploads%2F2021%2F08%2Fdata-sheet-VAO_de.pdf.zip » css= ».vc_custom_1629225241367{margin-left: 50px !important;} »][/vc_column][/vc_row]</p>
</div>

<p>[vc_row][vc_column width= »1/2&Prime;][vc_column_text css= ».vc_custom_1634291210209{margin-top: -5px !important;} »] Wandleuchte, mit flexibler, verstärkter Stahlfeder [/vc_column_text][vc_column_text css= ».vc_custom_1634291205045{margin-top: -10px !important;} »] Designed by: Florian Schulz [/vc_column_text][vc_column_text] Höhe: ca. 44 cm Schirm: TEFLON weiß, Ø 7 cm Fassung: GY6.35, max. 20 W / 12 V Leuchtmittel: 1 x G6 inkl., 35 W entspricht 50 W, dimmbar Dimmer: integriert [/vc_column_text][vc_single_image image= »7427&Prime; img_size= »large » onclick= »link_image » css= ».vc_custom_1611501021738{margin-right:&hellip;</p>
