{"id":7406,"date":"2020-02-12T09:37:47","date_gmt":"2020-02-12T09:37:47","guid":{"rendered":"https:\/\/vs-manufaktur.de\/?post_type=portfolio&#038;p=7406"},"modified":"2022-03-17T10:59:12","modified_gmt":"2022-03-17T10:59:12","slug":"erea-55","status":"publish","type":"portfolio","link":"https:\/\/vs-manufaktur.de\/fr\/portfolio\/erea-55\/","title":{"rendered":"EREA 55"},"content":{"rendered":"<div class=\"wpb-content-wrapper\"><p>[vc_row][vc_column width=\u00a0\u00bb1\/2&Prime;][vc_column_text css=\u00a0\u00bb.vc_custom_1634291439803{margin-top: -5px !important;}\u00a0\u00bb]<\/p>\n<p class=\"p1\"><strong>Deckenleuchte<\/strong><\/p>\n<p>[\/vc_column_text][vc_column_text css=\u00a0\u00bb.vc_custom_1634291435406{margin-top: -10px !important;}\u00a0\u00bb]<\/p>\n<table>\n<tbody>\n<tr>\n<td width=\"130px\">Designed by:<\/td>\n<td>Florian Schulz<\/td>\n<\/tr>\n<\/tbody>\n<\/table>\n<p>[\/vc_column_text][vc_column_text]<\/p>\n<table>\n<tbody>\n<tr>\n<td width=\"130px\">H\u00f6he:<\/td>\n<td>Standard 60 cm oder nach Angabe (min. 40 cm bis max. 200 cm)<\/td>\n<\/tr>\n<tr>\n<td>Schirm:<\/td>\n<td>Glas wei\u00df-opal, \u00d8 55 cm<\/td>\n<\/tr>\n<tr>\n<td>Fassung:<\/td>\n<td>6 x E14, max. 6 x 60 W<\/td>\n<\/tr>\n<tr>\n<td>Dimmer:<\/td>\n<td>u\u0308ber Hausinstallation m\u00f6glich (Standard)*<\/td>\n<\/tr>\n<\/tbody>\n<\/table>\n<p>[\/vc_column_text][vc_column_text]<\/p>\n<p class=\"p1\">* DALI-Modul mit Casambi Dimmer<br \/>\nAlternativ empfehlen wir (unverbindlich) folgende Dimmer Fabrikate:<\/p>\n<ul>\n<li class=\"p1\">Jung 1731DD<\/li>\n<li class=\"p1\">Feller 40300.RC<\/li>\n<li class=\"p1\">Arditi 027505<\/li>\n<li class=\"p1\">Kopp 8033<\/li>\n<\/ul>\n<p>[\/vc_column_text][vc_single_image image=\u00a0\u00bb7410&Prime; img_size=\u00a0\u00bblarge\u00a0\u00bb onclick=\u00a0\u00bblink_image\u00a0\u00bb css=\u00a0\u00bb.vc_custom_1612212427387{margin-top: 40px !important;margin-right: 40px !important;}\u00a0\u00bb][\/vc_column][vc_column width=\u00a0\u00bb1\/2&Prime;][vc_gallery interval=\u00a0\u00bb3&Prime; images=\u00a0\u00bb10994&Prime; img_size=\u00a0\u00bblarge\u00a0\u00bb][\/vc_column][\/vc_row][vc_row][vc_column][\/vc_column][\/vc_row][vc_row][vc_column][vc_column_text]<\/p>\n<p class=\"p1\">Verf\u00fcgbar in folgenden Oberfl\u00e4chen:<\/p>\n<p>[\/vc_column_text][vc_single_image image=\u00a0\u00bb8018&Prime; img_size=\u00a0\u00bblarge\u00a0\u00bb alignment=\u00a0\u00bbcenter\u00a0\u00bb onclick=\u00a0\u00bblink_image\u00a0\u00bb][\/vc_column][\/vc_row][vc_row][vc_column][\/vc_column][\/vc_row][vc_row][vc_column][vc_btn title=\u00a0\u00bbDownload Bilddateien\u00a0\u00bb link=\u00a0\u00bburl:https%3A%2F%2Fvs-manufaktur.de%2Fwp-content%2Fuploads%2F2021%2F10%2FEREA-55.jpg.zip\u00a0\u00bb][vc_btn title=\u00a0\u00bbdownload Energielabel\u00a0\u00bb link=\u00a0\u00bburl:https%3A%2F%2Fvs-manufaktur.de%2Fwp-content%2Fuploads%2F2021%2F08%2FEnergylabel_EREA-55.zip\u00a0\u00bb css=\u00a0\u00bb.vc_custom_1629227074292{margin-left: 50px !important;}\u00a0\u00bb][vc_btn title=\u00a0\u00bbdownload Produktdatenblatt\u00a0\u00bb link=\u00a0\u00bburl:https%3A%2F%2Fvs-manufaktur.de%2Fwp-content%2Fuploads%2F2021%2F08%2Fdata-sheet-EREA-55_de.pdf.zip\u00a0\u00bb css=\u00a0\u00bb.vc_custom_1629227069737{margin-right: 50px !important;margin-left: 50px !important;}\u00a0\u00bb][\/vc_column][\/vc_row]<\/p>\n<\/div>","protected":false},"excerpt":{"rendered":"<p>[vc_row][vc_column width=\u00a0\u00bb1\/2&Prime;][vc_column_text css=\u00a0\u00bb.vc_custom_1634291439803{margin-top: -5px !important;}\u00a0\u00bb] Deckenleuchte [\/vc_column_text][vc_column_text css=\u00a0\u00bb.vc_custom_1634291435406{margin-top: -10px !important;}\u00a0\u00bb] Designed by: Florian Schulz [\/vc_column_text][vc_column_text] H\u00f6he: Standard 60 cm oder nach Angabe (min. 40 cm bis max. 200 cm) Schirm: Glas wei\u00df-opal, \u00d8 55 cm Fassung: 6 x E14, max. 6 x 60 W Dimmer: u\u0308ber Hausinstallation m\u00f6glich (Standard)* [\/vc_column_text][vc_column_text] * DALI-Modul mit Casambi Dimmer&hellip;<\/p>\n","protected":false},"author":2,"featured_media":7412,"comment_status":"closed","ping_status":"closed","template":"","meta":{"_acf_changed":false,"footnotes":""},"portfolio_category":[39,89],"portfolio_tag":[],"class_list":["post-7406","portfolio","type-portfolio","status-publish","has-post-thumbnail","hentry","portfolio_category-deckenleuchten","portfolio_category-deckenleuchten-fs"],"translation":{"provider":"WPGlobus","version":"3.0.2","language":"fr","enabled_languages":["de","en","fr"],"languages":{"de":{"title":true,"content":true,"excerpt":false},"en":{"title":true,"content":true,"excerpt":false},"fr":{"title":false,"content":false,"excerpt":false}}},"acf":[],"aioseo_notices":[],"_links":{"self":[{"href":"https:\/\/vs-manufaktur.de\/fr\/wp-json\/wp\/v2\/portfolio\/7406","targetHints":{"allow":["GET"]}}],"collection":[{"href":"https:\/\/vs-manufaktur.de\/fr\/wp-json\/wp\/v2\/portfolio"}],"about":[{"href":"https:\/\/vs-manufaktur.de\/fr\/wp-json\/wp\/v2\/types\/portfolio"}],"author":[{"embeddable":true,"href":"https:\/\/vs-manufaktur.de\/fr\/wp-json\/wp\/v2\/users\/2"}],"replies":[{"embeddable":true,"href":"https:\/\/vs-manufaktur.de\/fr\/wp-json\/wp\/v2\/comments?post=7406"}],"version-history":[{"count":35,"href":"https:\/\/vs-manufaktur.de\/fr\/wp-json\/wp\/v2\/portfolio\/7406\/revisions"}],"predecessor-version":[{"id":11229,"href":"https:\/\/vs-manufaktur.de\/fr\/wp-json\/wp\/v2\/portfolio\/7406\/revisions\/11229"}],"wp:featuredmedia":[{"embeddable":true,"href":"https:\/\/vs-manufaktur.de\/fr\/wp-json\/wp\/v2\/media\/7412"}],"wp:attachment":[{"href":"https:\/\/vs-manufaktur.de\/fr\/wp-json\/wp\/v2\/media?parent=7406"}],"wp:term":[{"taxonomy":"portfolio_category","embeddable":true,"href":"https:\/\/vs-manufaktur.de\/fr\/wp-json\/wp\/v2\/portfolio_category?post=7406"},{"taxonomy":"portfolio_tag","embeddable":true,"href":"https:\/\/vs-manufaktur.de\/fr\/wp-json\/wp\/v2\/portfolio_tag?post=7406"}],"curies":[{"name":"wp","href":"https:\/\/api.w.org\/{rel}","templated":true}]}}

<div class="wpb-content-wrapper"><p>[vc_row][vc_column width= »1/2&Prime;][vc_column_text css= ».vc_custom_1634291439803{margin-top: -5px !important;} »]</p>
<p class="p1"><strong>Deckenleuchte</strong></p>
<p>[/vc_column_text][vc_column_text css= ».vc_custom_1634291435406{margin-top: -10px !important;} »]</p>
<table>
<tbody>
<tr>
<td width="130px">Designed by:</td>
<td>Florian Schulz</td>
</tr>
</tbody>
</table>
<p>[/vc_column_text][vc_column_text]</p>
<table>
<tbody>
<tr>
<td width="130px">Höhe:</td>
<td>Standard 60 cm oder nach Angabe (min. 40 cm bis max. 200 cm)</td>
</tr>
<tr>
<td>Schirm:</td>
<td>Glas weiß-opal, Ø 55 cm</td>
</tr>
<tr>
<td>Fassung:</td>
<td>6 x E14, max. 6 x 60 W</td>
</tr>
<tr>
<td>Dimmer:</td>
<td>über Hausinstallation möglich (Standard)*</td>
</tr>
</tbody>
</table>
<p>[/vc_column_text][vc_column_text]</p>
<p class="p1">* DALI-Modul mit Casambi Dimmer<br />
Alternativ empfehlen wir (unverbindlich) folgende Dimmer Fabrikate:</p>
<ul>
<li class="p1">Jung 1731DD</li>
<li class="p1">Feller 40300.RC</li>
<li class="p1">Arditi 027505</li>
<li class="p1">Kopp 8033</li>
</ul>
<p>[/vc_column_text][vc_single_image image= »7410&Prime; img_size= »large » onclick= »link_image » css= ».vc_custom_1612212427387{margin-top: 40px !important;margin-right: 40px !important;} »][/vc_column][vc_column width= »1/2&Prime;][vc_gallery interval= »3&Prime; images= »10994&Prime; img_size= »large »][/vc_column][/vc_row][vc_row][vc_column][/vc_column][/vc_row][vc_row][vc_column][vc_column_text]</p>
<p class="p1">Verfügbar in folgenden Oberflächen:</p>
<p>[/vc_column_text][vc_single_image image= »8018&Prime; img_size= »large » alignment= »center » onclick= »link_image »][/vc_column][/vc_row][vc_row][vc_column][/vc_column][/vc_row][vc_row][vc_column][vc_btn title= »Download Bilddateien » link= »url:https%3A%2F%2Fvs-manufaktur.de%2Fwp-content%2Fuploads%2F2021%2F10%2FEREA-55.jpg.zip »][vc_btn title= »download Energielabel » link= »url:https%3A%2F%2Fvs-manufaktur.de%2Fwp-content%2Fuploads%2F2021%2F08%2FEnergylabel_EREA-55.zip » css= ».vc_custom_1629227074292{margin-left: 50px !important;} »][vc_btn title= »download Produktdatenblatt » link= »url:https%3A%2F%2Fvs-manufaktur.de%2Fwp-content%2Fuploads%2F2021%2F08%2Fdata-sheet-EREA-55_de.pdf.zip » css= ».vc_custom_1629227069737{margin-right: 50px !important;margin-left: 50px !important;} »][/vc_column][/vc_row]</p>
</div>

<p>[vc_row][vc_column width= »1/2&Prime;][vc_column_text css= ».vc_custom_1634291439803{margin-top: -5px !important;} »] Deckenleuchte [/vc_column_text][vc_column_text css= ».vc_custom_1634291435406{margin-top: -10px !important;} »] Designed by: Florian Schulz [/vc_column_text][vc_column_text] Höhe: Standard 60 cm oder nach Angabe (min. 40 cm bis max. 200 cm) Schirm: Glas weiß-opal, Ø 55 cm Fassung: 6 x E14, max. 6 x 60 W Dimmer: über Hausinstallation möglich (Standard)* [/vc_column_text][vc_column_text] * DALI-Modul mit Casambi Dimmer&hellip;</p>
