{"id":7382,"date":"2020-02-12T09:22:10","date_gmt":"2020-02-12T09:22:10","guid":{"rendered":"https:\/\/vs-manufaktur.de\/?post_type=portfolio&#038;p=7382"},"modified":"2023-08-16T13:35:40","modified_gmt":"2023-08-16T13:35:40","slug":"ola-25","status":"publish","type":"portfolio","link":"https:\/\/vs-manufaktur.de\/fr\/portfolio\/ola-25\/","title":{"rendered":"OLA 25"},"content":{"rendered":"<div class=\"wpb-content-wrapper\"><p>[vc_row][vc_column width=\u00a0\u00bb1\/2&Prime;][vc_column_text css=\u00a0\u00bb.vc_custom_1634291863679{margin-top: -5px !important;}\u00a0\u00bb]<\/p>\n<p class=\"p1\"><strong>Deckenleuchte<\/strong><\/p>\n<p>[\/vc_column_text][vc_column_text css=\u00a0\u00bb.vc_custom_1634291848492{margin-top: -10px !important;}\u00a0\u00bb]<\/p>\n<table>\n<tbody>\n<tr>\n<td width=\"130px\">Designed by:<\/td>\n<td>Florian Schulz<\/td>\n<\/tr>\n<\/tbody>\n<\/table>\n<p>[\/vc_column_text][vc_column_text]<\/p>\n<table>\n<tbody>\n<tr>\n<td width=\"130px\">H\u00f6he:<\/td>\n<td>14 cm<\/td>\n<\/tr>\n<tr>\n<td>Schirm:<\/td>\n<td>Glas wei\u00df-opal, \u00d8 25 cm<\/td>\n<\/tr>\n<tr>\n<td>Fassung:<\/td>\n<td>2 x E27, max. 2 x 100 W<\/td>\n<\/tr>\n<tr>\n<td>Leuchtmittel:<\/td>\n<td>2 x E27 LED \u00e1 1055 Lumen, 10,5 W inkl., dimmbar 2700\u00b0 K, 10,5 W entspricht 75 W<\/td>\n<\/tr>\n<tr>\n<td>Dimmer:<\/td>\n<td>u\u0308ber Hausinstallation m\u00f6glich*<\/td>\n<\/tr>\n<\/tbody>\n<\/table>\n<p>[\/vc_column_text][vc_column_text]<\/p>\n<p class=\"p1\">*Optional: DALI-Modul LUN-DALI auf Anfrage<\/p>\n<p>[\/vc_column_text][vc_single_image image=\u00a0\u00bb7379&Prime; img_size=\u00a0\u00bblarge\u00a0\u00bb onclick=\u00a0\u00bblink_image\u00a0\u00bb css=\u00a0\u00bb.vc_custom_1611512170364{margin-top: 20px !important;margin-right: 200px !important;}\u00a0\u00bb][\/vc_column][vc_column width=\u00a0\u00bb1\/2&Prime;][vc_gallery interval=\u00a0\u00bb3&Prime; images=\u00a0\u00bb11006&Prime; img_size=\u00a0\u00bblarge\u00a0\u00bb][\/vc_column][\/vc_row][vc_row][vc_column][\/vc_column][\/vc_row][vc_row][vc_column][vc_column_text]<\/p>\n<p class=\"p1\">Verf\u00fcgbar in folgenden Oberfl\u00e4chen:<\/p>\n<p>[\/vc_column_text][vc_single_image image=\u00a0\u00bb8018&Prime; img_size=\u00a0\u00bblarge\u00a0\u00bb alignment=\u00a0\u00bbcenter\u00a0\u00bb onclick=\u00a0\u00bblink_image\u00a0\u00bb][\/vc_column][\/vc_row][vc_row][vc_column][\/vc_column][\/vc_row][vc_row][vc_column][vc_btn title=\u00a0\u00bbDownload Bilddateien\u00a0\u00bb link=\u00a0\u00bburl:https%3A%2F%2Fvs-manufaktur.de%2Fwp-content%2Fuploads%2F2021%2F10%2FOLA-25.jpg.zip\u00a0\u00bb][vc_btn title=\u00a0\u00bbDownload Energielabel\u00a0\u00bb link=\u00a0\u00bburl:https%3A%2F%2Fvs-manufaktur.de%2Fwp-content%2Fuploads%2F2021%2F08%2FEnergylabel_OLA-25.zip\u00a0\u00bb css=\u00a0\u00bb.vc_custom_1629228784914{margin-left: 50px !important;}\u00a0\u00bb][vc_btn title=\u00a0\u00bbDownload Produktdatenblatt\u00a0\u00bb link=\u00a0\u00bburl:https%3A%2F%2Fvs-manufaktur.de%2Fwp-content%2Fuploads%2F2021%2F08%2Fdata-sheet-OLA-25_de.pdf.zip\u00a0\u00bb css=\u00a0\u00bb.vc_custom_1629228800779{margin-left: 50px !important;}\u00a0\u00bb][\/vc_column][\/vc_row][vc_row][vc_column][vc_column_text css=\u00a0\u00bb.vc_custom_1692192656022{margin-top: 20px !important;}\u00a0\u00bb]<\/p>\n<h1>Die gr\u00f6\u00dfere Variante ist unser Modell OLA 36:<\/h1>\n<p>[\/vc_column_text][\/vc_column][\/vc_row][vc_row][vc_column width=\u00a0\u00bb1\/3&Prime;][vc_hoverbox image=\u00a0\u00bb5255&Prime; primary_title=\u00a0\u00bb\u00a0\u00bb hover_title=\u00a0\u00bb\u00a0\u00bb shape=\u00a0\u00bbsquare\u00a0\u00bb]<a class=\"\" href=\"https:\/\/vs-manufaktur.de\/portfolio\/ola-36\/\">Zur Modellseite<\/a>[\/vc_hoverbox][\/vc_column][vc_column width=\u00a0\u00bb1\/3&Prime;][\/vc_column][vc_column width=\u00a0\u00bb1\/3&Prime;][\/vc_column][\/vc_row]<\/p>\n<\/div>","protected":false},"excerpt":{"rendered":"<p>[vc_row][vc_column width=\u00a0\u00bb1\/2&Prime;][vc_column_text css=\u00a0\u00bb.vc_custom_1634291863679{margin-top: -5px !important;}\u00a0\u00bb] Deckenleuchte [\/vc_column_text][vc_column_text css=\u00a0\u00bb.vc_custom_1634291848492{margin-top: -10px !important;}\u00a0\u00bb] Designed by: Florian Schulz [\/vc_column_text][vc_column_text] H\u00f6he: 14 cm Schirm: Glas wei\u00df-opal, \u00d8 25 cm Fassung: 2 x E27, max. 2 x 100 W Leuchtmittel: 2 x E27 LED \u00e1 1055 Lumen, 10,5 W inkl., dimmbar 2700\u00b0 K, 10,5 W entspricht 75 W Dimmer: u\u0308ber Hausinstallation&hellip;<\/p>\n","protected":false},"author":2,"featured_media":7386,"comment_status":"closed","ping_status":"closed","template":"","meta":{"_acf_changed":false,"footnotes":""},"portfolio_category":[39,89],"portfolio_tag":[],"class_list":["post-7382","portfolio","type-portfolio","status-publish","has-post-thumbnail","hentry","portfolio_category-deckenleuchten","portfolio_category-deckenleuchten-fs"],"translation":{"provider":"WPGlobus","version":"3.0.2","language":"fr","enabled_languages":["de","en","fr"],"languages":{"de":{"title":true,"content":true,"excerpt":false},"en":{"title":true,"content":true,"excerpt":false},"fr":{"title":false,"content":false,"excerpt":false}}},"acf":[],"aioseo_notices":[],"_links":{"self":[{"href":"https:\/\/vs-manufaktur.de\/fr\/wp-json\/wp\/v2\/portfolio\/7382","targetHints":{"allow":["GET"]}}],"collection":[{"href":"https:\/\/vs-manufaktur.de\/fr\/wp-json\/wp\/v2\/portfolio"}],"about":[{"href":"https:\/\/vs-manufaktur.de\/fr\/wp-json\/wp\/v2\/types\/portfolio"}],"author":[{"embeddable":true,"href":"https:\/\/vs-manufaktur.de\/fr\/wp-json\/wp\/v2\/users\/2"}],"replies":[{"embeddable":true,"href":"https:\/\/vs-manufaktur.de\/fr\/wp-json\/wp\/v2\/comments?post=7382"}],"version-history":[{"count":36,"href":"https:\/\/vs-manufaktur.de\/fr\/wp-json\/wp\/v2\/portfolio\/7382\/revisions"}],"predecessor-version":[{"id":11237,"href":"https:\/\/vs-manufaktur.de\/fr\/wp-json\/wp\/v2\/portfolio\/7382\/revisions\/11237"}],"wp:featuredmedia":[{"embeddable":true,"href":"https:\/\/vs-manufaktur.de\/fr\/wp-json\/wp\/v2\/media\/7386"}],"wp:attachment":[{"href":"https:\/\/vs-manufaktur.de\/fr\/wp-json\/wp\/v2\/media?parent=7382"}],"wp:term":[{"taxonomy":"portfolio_category","embeddable":true,"href":"https:\/\/vs-manufaktur.de\/fr\/wp-json\/wp\/v2\/portfolio_category?post=7382"},{"taxonomy":"portfolio_tag","embeddable":true,"href":"https:\/\/vs-manufaktur.de\/fr\/wp-json\/wp\/v2\/portfolio_tag?post=7382"}],"curies":[{"name":"wp","href":"https:\/\/api.w.org\/{rel}","templated":true}]}}

<div class="wpb-content-wrapper"><p>[vc_row][vc_column width= »1/2&Prime;][vc_column_text css= ».vc_custom_1634291863679{margin-top: -5px !important;} »]</p>
<p class="p1"><strong>Deckenleuchte</strong></p>
<p>[/vc_column_text][vc_column_text css= ».vc_custom_1634291848492{margin-top: -10px !important;} »]</p>
<table>
<tbody>
<tr>
<td width="130px">Designed by:</td>
<td>Florian Schulz</td>
</tr>
</tbody>
</table>
<p>[/vc_column_text][vc_column_text]</p>
<table>
<tbody>
<tr>
<td width="130px">Höhe:</td>
<td>14 cm</td>
</tr>
<tr>
<td>Schirm:</td>
<td>Glas weiß-opal, Ø 25 cm</td>
</tr>
<tr>
<td>Fassung:</td>
<td>2 x E27, max. 2 x 100 W</td>
</tr>
<tr>
<td>Leuchtmittel:</td>
<td>2 x E27 LED á 1055 Lumen, 10,5 W inkl., dimmbar 2700° K, 10,5 W entspricht 75 W</td>
</tr>
<tr>
<td>Dimmer:</td>
<td>über Hausinstallation möglich*</td>
</tr>
</tbody>
</table>
<p>[/vc_column_text][vc_column_text]</p>
<p class="p1">*Optional: DALI-Modul LUN-DALI auf Anfrage</p>
<p>[/vc_column_text][vc_single_image image= »7379&Prime; img_size= »large » onclick= »link_image » css= ».vc_custom_1611512170364{margin-top: 20px !important;margin-right: 200px !important;} »][/vc_column][vc_column width= »1/2&Prime;][vc_gallery interval= »3&Prime; images= »11006&Prime; img_size= »large »][/vc_column][/vc_row][vc_row][vc_column][/vc_column][/vc_row][vc_row][vc_column][vc_column_text]</p>
<p class="p1">Verfügbar in folgenden Oberflächen:</p>
<p>[/vc_column_text][vc_single_image image= »8018&Prime; img_size= »large » alignment= »center » onclick= »link_image »][/vc_column][/vc_row][vc_row][vc_column][/vc_column][/vc_row][vc_row][vc_column][vc_btn title= »Download Bilddateien » link= »url:https%3A%2F%2Fvs-manufaktur.de%2Fwp-content%2Fuploads%2F2021%2F10%2FOLA-25.jpg.zip »][vc_btn title= »Download Energielabel » link= »url:https%3A%2F%2Fvs-manufaktur.de%2Fwp-content%2Fuploads%2F2021%2F08%2FEnergylabel_OLA-25.zip » css= ».vc_custom_1629228784914{margin-left: 50px !important;} »][vc_btn title= »Download Produktdatenblatt » link= »url:https%3A%2F%2Fvs-manufaktur.de%2Fwp-content%2Fuploads%2F2021%2F08%2Fdata-sheet-OLA-25_de.pdf.zip » css= ».vc_custom_1629228800779{margin-left: 50px !important;} »][/vc_column][/vc_row][vc_row][vc_column][vc_column_text css= ».vc_custom_1692192656022{margin-top: 20px !important;} »]</p>
<h1>Die größere Variante ist unser Modell OLA 36:</h1>
<p>[/vc_column_text][/vc_column][/vc_row][vc_row][vc_column width= »1/3&Prime;][vc_hoverbox image= »5255&Prime; primary_title= » » hover_title= » » shape= »square »]<a class="" href="https://vs-manufaktur.de/portfolio/ola-36/">Zur Modellseite</a>[/vc_hoverbox][/vc_column][vc_column width= »1/3&Prime;][/vc_column][vc_column width= »1/3&Prime;][/vc_column][/vc_row]</p>
</div>

<p>[vc_row][vc_column width= »1/2&Prime;][vc_column_text css= ».vc_custom_1634291863679{margin-top: -5px !important;} »] Deckenleuchte [/vc_column_text][vc_column_text css= ».vc_custom_1634291848492{margin-top: -10px !important;} »] Designed by: Florian Schulz [/vc_column_text][vc_column_text] Höhe: 14 cm Schirm: Glas weiß-opal, Ø 25 cm Fassung: 2 x E27, max. 2 x 100 W Leuchtmittel: 2 x E27 LED á 1055 Lumen, 10,5 W inkl., dimmbar 2700° K, 10,5 W entspricht 75 W Dimmer: über Hausinstallation&hellip;</p>
