{"id":7331,"date":"2020-02-06T13:13:21","date_gmt":"2020-02-06T13:13:21","guid":{"rendered":"https:\/\/vs-manufaktur.de\/?post_type=portfolio&#038;p=7331"},"modified":"2022-03-17T10:56:42","modified_gmt":"2022-03-17T10:56:42","slug":"esa","status":"publish","type":"portfolio","link":"https:\/\/vs-manufaktur.de\/fr\/portfolio\/esa\/","title":{"rendered":"ESA"},"content":{"rendered":"<div class=\"wpb-content-wrapper\"><p>[vc_row][vc_column width=\u00a0\u00bb1\/2&Prime;][vc_column_text css=\u00a0\u00bb.vc_custom_1634287918914{margin-top: -5px !important;}\u00a0\u00bb]<\/p>\n<p class=\"p2\"><strong>Tischleuchte<\/strong><br \/>\n<strong>mit flexibler, speziell verst\u00e4rkter Stahlfeder<\/strong><\/p>\n<p>[\/vc_column_text][vc_column_text css=\u00a0\u00bb.vc_custom_1634287913322{margin-top: -10px !important;}\u00a0\u00bb]<\/p>\n<table>\n<tbody>\n<tr>\n<td width=\"130px\">Designed by:<\/td>\n<td>Florian Schulz<\/td>\n<\/tr>\n<\/tbody>\n<\/table>\n<p>[\/vc_column_text][vc_column_text]<\/p>\n<table>\n<tbody>\n<tr>\n<td width=\"130px\">H\u00f6he:<\/td>\n<td>bis ca. 50 cm<\/td>\n<\/tr>\n<tr>\n<td>Schirm:<\/td>\n<td>TEFLON wei\u00df, \u00d8 7 cm<\/td>\n<\/tr>\n<tr>\n<td>Fassung:<\/td>\n<td>GY6.35, max. 50 W<\/td>\n<\/tr>\n<tr>\n<td>Leuchtmittel:<\/td>\n<td>1 x G6 inkl., 35 W entspricht 50 W, dimmbar<\/td>\n<\/tr>\n<tr>\n<td>Kabel:<\/td>\n<td>2,5 m<\/td>\n<\/tr>\n<tr>\n<td>Dimmer:<\/td>\n<td>integriert<\/td>\n<\/tr>\n<\/tbody>\n<\/table>\n<p>[\/vc_column_text][vc_single_image image=\u00a0\u00bb7311&Prime; img_size=\u00a0\u00bblarge\u00a0\u00bb onclick=\u00a0\u00bblink_image\u00a0\u00bb][\/vc_column][vc_column width=\u00a0\u00bb1\/2&Prime;][vc_gallery interval=\u00a0\u00bb3&Prime; images=\u00a0\u00bb10938&Prime; img_size=\u00a0\u00bblarge\u00a0\u00bb][\/vc_column][\/vc_row][vc_row][vc_column][\/vc_column][\/vc_row][vc_row][vc_column][vc_column_text]<\/p>\n<p class=\"p1\">Verf\u00fcgbar in folgenden Oberfl\u00e4chen:<\/p>\n<p>[\/vc_column_text][vc_single_image image=\u00a0\u00bb8018&Prime; img_size=\u00a0\u00bblarge\u00a0\u00bb alignment=\u00a0\u00bbcenter\u00a0\u00bb onclick=\u00a0\u00bblink_image\u00a0\u00bb][\/vc_column][\/vc_row][vc_row][vc_column][\/vc_column][\/vc_row][vc_row][vc_column][vc_btn title=\u00a0\u00bbDownload Bilddateien\u00a0\u00bb link=\u00a0\u00bburl:https%3A%2F%2Fvs-manufaktur.de%2Fwp-content%2Fuploads%2F2021%2F10%2FESA.jpg.zip\u00a0\u00bb][vc_btn title=\u00a0\u00bbDownload Energielabel\u00a0\u00bb link=\u00a0\u00bburl:https%3A%2F%2Fvs-manufaktur.de%2Fwp-content%2Fuploads%2F2021%2F08%2FEnergylabel_ESA.zip\u00a0\u00bb css=\u00a0\u00bb.vc_custom_1629201626664{margin-left: 50px !important;}\u00a0\u00bb][vc_btn title=\u00a0\u00bbDownload Produktdatenblatt\u00a0\u00bb link=\u00a0\u00bburl:https%3A%2F%2Fvs-manufaktur.de%2Fwp-content%2Fuploads%2F2021%2F08%2Fdata-sheet-ESA_de.pdf.zip\u00a0\u00bb css=\u00a0\u00bb.vc_custom_1629201649175{margin-left: 50px !important;}\u00a0\u00bb][\/vc_column][\/vc_row]<\/p>\n<\/div>","protected":false},"excerpt":{"rendered":"<p>[vc_row][vc_column width=\u00a0\u00bb1\/2&Prime;][vc_column_text css=\u00a0\u00bb.vc_custom_1634287918914{margin-top: -5px !important;}\u00a0\u00bb] Tischleuchte mit flexibler, speziell verst\u00e4rkter Stahlfeder [\/vc_column_text][vc_column_text css=\u00a0\u00bb.vc_custom_1634287913322{margin-top: -10px !important;}\u00a0\u00bb] Designed by: Florian Schulz [\/vc_column_text][vc_column_text] H\u00f6he: bis ca. 50 cm Schirm: TEFLON wei\u00df, \u00d8 7 cm Fassung: GY6.35, max. 50 W Leuchtmittel: 1 x G6 inkl., 35 W entspricht 50 W, dimmbar Kabel: 2,5 m Dimmer: integriert [\/vc_column_text][vc_single_image image=\u00a0\u00bb7311&Prime; img_size=\u00a0\u00bblarge\u00a0\u00bb&hellip;<\/p>\n","protected":false},"author":2,"featured_media":7312,"comment_status":"closed","ping_status":"closed","template":"","meta":{"_acf_changed":false,"footnotes":""},"portfolio_category":[37,85],"portfolio_tag":[],"class_list":["post-7331","portfolio","type-portfolio","status-publish","has-post-thumbnail","hentry","portfolio_category-tischleuchten","portfolio_category-tischleuchten-fs"],"translation":{"provider":"WPGlobus","version":"3.0.2","language":"fr","enabled_languages":["de","en","fr"],"languages":{"de":{"title":true,"content":true,"excerpt":false},"en":{"title":true,"content":true,"excerpt":false},"fr":{"title":false,"content":false,"excerpt":false}}},"acf":[],"aioseo_notices":[],"_links":{"self":[{"href":"https:\/\/vs-manufaktur.de\/fr\/wp-json\/wp\/v2\/portfolio\/7331","targetHints":{"allow":["GET"]}}],"collection":[{"href":"https:\/\/vs-manufaktur.de\/fr\/wp-json\/wp\/v2\/portfolio"}],"about":[{"href":"https:\/\/vs-manufaktur.de\/fr\/wp-json\/wp\/v2\/types\/portfolio"}],"author":[{"embeddable":true,"href":"https:\/\/vs-manufaktur.de\/fr\/wp-json\/wp\/v2\/users\/2"}],"replies":[{"embeddable":true,"href":"https:\/\/vs-manufaktur.de\/fr\/wp-json\/wp\/v2\/comments?post=7331"}],"version-history":[{"count":26,"href":"https:\/\/vs-manufaktur.de\/fr\/wp-json\/wp\/v2\/portfolio\/7331\/revisions"}],"predecessor-version":[{"id":10942,"href":"https:\/\/vs-manufaktur.de\/fr\/wp-json\/wp\/v2\/portfolio\/7331\/revisions\/10942"}],"wp:featuredmedia":[{"embeddable":true,"href":"https:\/\/vs-manufaktur.de\/fr\/wp-json\/wp\/v2\/media\/7312"}],"wp:attachment":[{"href":"https:\/\/vs-manufaktur.de\/fr\/wp-json\/wp\/v2\/media?parent=7331"}],"wp:term":[{"taxonomy":"portfolio_category","embeddable":true,"href":"https:\/\/vs-manufaktur.de\/fr\/wp-json\/wp\/v2\/portfolio_category?post=7331"},{"taxonomy":"portfolio_tag","embeddable":true,"href":"https:\/\/vs-manufaktur.de\/fr\/wp-json\/wp\/v2\/portfolio_tag?post=7331"}],"curies":[{"name":"wp","href":"https:\/\/api.w.org\/{rel}","templated":true}]}}

<div class="wpb-content-wrapper"><p>[vc_row][vc_column width= »1/2&Prime;][vc_column_text css= ».vc_custom_1634287918914{margin-top: -5px !important;} »]</p>
<p class="p2"><strong>Tischleuchte</strong><br />
<strong>mit flexibler, speziell verstärkter Stahlfeder</strong></p>
<p>[/vc_column_text][vc_column_text css= ».vc_custom_1634287913322{margin-top: -10px !important;} »]</p>
<table>
<tbody>
<tr>
<td width="130px">Designed by:</td>
<td>Florian Schulz</td>
</tr>
</tbody>
</table>
<p>[/vc_column_text][vc_column_text]</p>
<table>
<tbody>
<tr>
<td width="130px">Höhe:</td>
<td>bis ca. 50 cm</td>
</tr>
<tr>
<td>Schirm:</td>
<td>TEFLON weiß, Ø 7 cm</td>
</tr>
<tr>
<td>Fassung:</td>
<td>GY6.35, max. 50 W</td>
</tr>
<tr>
<td>Leuchtmittel:</td>
<td>1 x G6 inkl., 35 W entspricht 50 W, dimmbar</td>
</tr>
<tr>
<td>Kabel:</td>
<td>2,5 m</td>
</tr>
<tr>
<td>Dimmer:</td>
<td>integriert</td>
</tr>
</tbody>
</table>
<p>[/vc_column_text][vc_single_image image= »7311&Prime; img_size= »large » onclick= »link_image »][/vc_column][vc_column width= »1/2&Prime;][vc_gallery interval= »3&Prime; images= »10938&Prime; img_size= »large »][/vc_column][/vc_row][vc_row][vc_column][/vc_column][/vc_row][vc_row][vc_column][vc_column_text]</p>
<p class="p1">Verfügbar in folgenden Oberflächen:</p>
<p>[/vc_column_text][vc_single_image image= »8018&Prime; img_size= »large » alignment= »center » onclick= »link_image »][/vc_column][/vc_row][vc_row][vc_column][/vc_column][/vc_row][vc_row][vc_column][vc_btn title= »Download Bilddateien » link= »url:https%3A%2F%2Fvs-manufaktur.de%2Fwp-content%2Fuploads%2F2021%2F10%2FESA.jpg.zip »][vc_btn title= »Download Energielabel » link= »url:https%3A%2F%2Fvs-manufaktur.de%2Fwp-content%2Fuploads%2F2021%2F08%2FEnergylabel_ESA.zip » css= ».vc_custom_1629201626664{margin-left: 50px !important;} »][vc_btn title= »Download Produktdatenblatt » link= »url:https%3A%2F%2Fvs-manufaktur.de%2Fwp-content%2Fuploads%2F2021%2F08%2Fdata-sheet-ESA_de.pdf.zip » css= ».vc_custom_1629201649175{margin-left: 50px !important;} »][/vc_column][/vc_row]</p>
</div>

<p>[vc_row][vc_column width= »1/2&Prime;][vc_column_text css= ».vc_custom_1634287918914{margin-top: -5px !important;} »] Tischleuchte mit flexibler, speziell verstärkter Stahlfeder [/vc_column_text][vc_column_text css= ».vc_custom_1634287913322{margin-top: -10px !important;} »] Designed by: Florian Schulz [/vc_column_text][vc_column_text] Höhe: bis ca. 50 cm Schirm: TEFLON weiß, Ø 7 cm Fassung: GY6.35, max. 50 W Leuchtmittel: 1 x G6 inkl., 35 W entspricht 50 W, dimmbar Kabel: 2,5 m Dimmer: integriert [/vc_column_text][vc_single_image image= »7311&Prime; img_size= »large »&hellip;</p>
