{"id":4864,"date":"2019-02-13T07:04:44","date_gmt":"2019-02-13T07:04:44","guid":{"rendered":"https:\/\/vs-manufaktur.de\/?post_type=portfolio&#038;p=4864"},"modified":"2025-12-12T08:35:34","modified_gmt":"2025-12-12T08:35:34","slug":"lin","status":"publish","type":"portfolio","link":"https:\/\/vs-manufaktur.de\/fr\/portfolio\/lin\/","title":{"rendered":"LIN"},"content":{"rendered":"<div class=\"wpb-content-wrapper\"><p>[vc_row][vc_column width=\u00a0\u00bb1\/2&Prime;][vc_column_text css=\u00a0\u00bb.vc_custom_1634278953074{margin-top: -5px !important;}\u00a0\u00bb]<\/p>\n<p class=\"p1\"><strong>Leseleuchte<\/strong><br \/>\n<strong>mit flexibler, speziell verst\u00e4rkter Stahlfeder<\/strong><\/p>\n<p>[\/vc_column_text][vc_column_text css=\u00a0\u00bb.vc_custom_1634278946254{margin-top: -10px !important;}\u00a0\u00bb]<\/p>\n<table>\n<tbody>\n<tr>\n<td width=\"130px\">Designed by:<\/td>\n<td>Florian Schulz<\/td>\n<\/tr>\n<\/tbody>\n<\/table>\n<p>[\/vc_column_text][vc_column_text css=\u00a0\u00bb\u00a0\u00bb]<\/p>\n<table>\n<tbody>\n<tr>\n<td width=\"130px\">H\u00f6he:<\/td>\n<td>ca. 140 cm<\/td>\n<\/tr>\n<tr>\n<td>Schirm:<\/td>\n<td>TEFLON wei\u00df, \u00d8 7 cm<\/td>\n<\/tr>\n<tr>\n<td>Fassung:<\/td>\n<td>GY6.35, max. 50 W \/ 12 V<\/td>\n<\/tr>\n<tr>\n<td>Leuchtmittel:<\/td>\n<td>1 x G6 inkl., 50 W entspricht 75 W, dimmbar<\/td>\n<\/tr>\n<tr>\n<td>Kabel:<\/td>\n<td>2,5 m<\/td>\n<\/tr>\n<tr>\n<td>Dimmer:<\/td>\n<td>Schieberegler<\/td>\n<\/tr>\n<\/tbody>\n<\/table>\n<p>[\/vc_column_text][vc_single_image image=\u00a0\u00bb5130&Prime; img_size=\u00a0\u00bblarge\u00a0\u00bb onclick=\u00a0\u00bblink_image\u00a0\u00bb css=\u00a0\u00bb.vc_custom_1612023444787{margin-right: 120px !important;}\u00a0\u00bb][\/vc_column][vc_column width=\u00a0\u00bb1\/2&Prime;][vc_gallery interval=\u00a0\u00bb3&Prime; images=\u00a0\u00bb10867&Prime; img_size=\u00a0\u00bblarge\u00a0\u00bb][\/vc_column][\/vc_row][vc_row][vc_column][\/vc_column][\/vc_row][vc_row][vc_column][vc_column_text]<\/p>\n<p class=\"p1\">Verf\u00fcgbar in folgenden Oberfl\u00e4chen:<\/p>\n<p>[\/vc_column_text][vc_single_image image=\u00a0\u00bb8018&Prime; img_size=\u00a0\u00bblarge\u00a0\u00bb alignment=\u00a0\u00bbcenter\u00a0\u00bb onclick=\u00a0\u00bblink_image\u00a0\u00bb][\/vc_column][\/vc_row][vc_row][vc_column][\/vc_column][\/vc_row][vc_row][vc_column][vc_btn title=\u00a0\u00bbDownload Bilddateien\u00a0\u00bb link=\u00a0\u00bburl:https%3A%2F%2Fvs-manufaktur.de%2Fwp-content%2Fuploads%2F2021%2F10%2FLIN.jpg.zip\u00a0\u00bb][vc_btn title=\u00a0\u00bbDownload Energielabel\u00a0\u00bb css=\u00a0\u00bb.vc_custom_1629183867300{margin-left: 50px !important;}\u00a0\u00bb link=\u00a0\u00bburl:https%3A%2F%2Fvs-manufaktur.de%2Fwp-content%2Fuploads%2F2021%2F08%2FEnergylabel_LIN.zip\u00a0\u00bb][vc_btn title=\u00a0\u00bbDownload Produktdatenblatt\u00a0\u00bb css=\u00a0\u00bb.vc_custom_1629183893320{margin-left: 50px !important;}\u00a0\u00bb link=\u00a0\u00bburl:https%3A%2F%2Fvs-manufaktur.de%2Fwp-content%2Fuploads%2F2021%2F08%2Fdata-sheet-LIN_de.pdf.zip\u00a0\u00bb][\/vc_column][\/vc_row]<\/p>\n<\/div>","protected":false},"excerpt":{"rendered":"<p>[vc_row][vc_column width=\u00a0\u00bb1\/2&Prime;][vc_column_text css=\u00a0\u00bb.vc_custom_1634278953074{margin-top: -5px !important;}\u00a0\u00bb] Leseleuchte mit flexibler, speziell verst\u00e4rkter Stahlfeder [\/vc_column_text][vc_column_text css=\u00a0\u00bb.vc_custom_1634278946254{margin-top: -10px !important;}\u00a0\u00bb] Designed by: Florian Schulz [\/vc_column_text][vc_column_text css=\u00a0\u00bb\u00a0\u00bb] H\u00f6he: ca. 140 cm Schirm: TEFLON wei\u00df, \u00d8 7 cm Fassung: GY6.35, max. 50 W \/ 12 V Leuchtmittel: 1 x G6 inkl., 50 W entspricht 75 W, dimmbar Kabel: 2,5 m Dimmer: Schieberegler&hellip;<\/p>\n","protected":false},"author":1,"featured_media":4865,"comment_status":"closed","ping_status":"closed","template":"","meta":{"_acf_changed":false,"footnotes":""},"portfolio_category":[36,83],"portfolio_tag":[],"class_list":["post-4864","portfolio","type-portfolio","status-publish","has-post-thumbnail","hentry","portfolio_category-leseleuchten","portfolio_category-leseleuchten-fs"],"translation":{"provider":"WPGlobus","version":"3.0.2","language":"fr","enabled_languages":["de","en","fr"],"languages":{"de":{"title":true,"content":true,"excerpt":false},"en":{"title":true,"content":true,"excerpt":false},"fr":{"title":false,"content":false,"excerpt":false}}},"acf":[],"aioseo_notices":[],"_links":{"self":[{"href":"https:\/\/vs-manufaktur.de\/fr\/wp-json\/wp\/v2\/portfolio\/4864","targetHints":{"allow":["GET"]}}],"collection":[{"href":"https:\/\/vs-manufaktur.de\/fr\/wp-json\/wp\/v2\/portfolio"}],"about":[{"href":"https:\/\/vs-manufaktur.de\/fr\/wp-json\/wp\/v2\/types\/portfolio"}],"author":[{"embeddable":true,"href":"https:\/\/vs-manufaktur.de\/fr\/wp-json\/wp\/v2\/users\/1"}],"replies":[{"embeddable":true,"href":"https:\/\/vs-manufaktur.de\/fr\/wp-json\/wp\/v2\/comments?post=4864"}],"version-history":[{"count":39,"href":"https:\/\/vs-manufaktur.de\/fr\/wp-json\/wp\/v2\/portfolio\/4864\/revisions"}],"predecessor-version":[{"id":14055,"href":"https:\/\/vs-manufaktur.de\/fr\/wp-json\/wp\/v2\/portfolio\/4864\/revisions\/14055"}],"wp:featuredmedia":[{"embeddable":true,"href":"https:\/\/vs-manufaktur.de\/fr\/wp-json\/wp\/v2\/media\/4865"}],"wp:attachment":[{"href":"https:\/\/vs-manufaktur.de\/fr\/wp-json\/wp\/v2\/media?parent=4864"}],"wp:term":[{"taxonomy":"portfolio_category","embeddable":true,"href":"https:\/\/vs-manufaktur.de\/fr\/wp-json\/wp\/v2\/portfolio_category?post=4864"},{"taxonomy":"portfolio_tag","embeddable":true,"href":"https:\/\/vs-manufaktur.de\/fr\/wp-json\/wp\/v2\/portfolio_tag?post=4864"}],"curies":[{"name":"wp","href":"https:\/\/api.w.org\/{rel}","templated":true}]}}

<div class="wpb-content-wrapper"><p>[vc_row][vc_column width= »1/2&Prime;][vc_column_text css= ».vc_custom_1634278953074{margin-top: -5px !important;} »]</p>
<p class="p1"><strong>Leseleuchte</strong><br />
<strong>mit flexibler, speziell verstärkter Stahlfeder</strong></p>
<p>[/vc_column_text][vc_column_text css= ».vc_custom_1634278946254{margin-top: -10px !important;} »]</p>
<table>
<tbody>
<tr>
<td width="130px">Designed by:</td>
<td>Florian Schulz</td>
</tr>
</tbody>
</table>
<p>[/vc_column_text][vc_column_text css= » »]</p>
<table>
<tbody>
<tr>
<td width="130px">Höhe:</td>
<td>ca. 140 cm</td>
</tr>
<tr>
<td>Schirm:</td>
<td>TEFLON weiß, Ø 7 cm</td>
</tr>
<tr>
<td>Fassung:</td>
<td>GY6.35, max. 50 W / 12 V</td>
</tr>
<tr>
<td>Leuchtmittel:</td>
<td>1 x G6 inkl., 50 W entspricht 75 W, dimmbar</td>
</tr>
<tr>
<td>Kabel:</td>
<td>2,5 m</td>
</tr>
<tr>
<td>Dimmer:</td>
<td>Schieberegler</td>
</tr>
</tbody>
</table>
<p>[/vc_column_text][vc_single_image image= »5130&Prime; img_size= »large » onclick= »link_image » css= ».vc_custom_1612023444787{margin-right: 120px !important;} »][/vc_column][vc_column width= »1/2&Prime;][vc_gallery interval= »3&Prime; images= »10867&Prime; img_size= »large »][/vc_column][/vc_row][vc_row][vc_column][/vc_column][/vc_row][vc_row][vc_column][vc_column_text]</p>
<p class="p1">Verfügbar in folgenden Oberflächen:</p>
<p>[/vc_column_text][vc_single_image image= »8018&Prime; img_size= »large » alignment= »center » onclick= »link_image »][/vc_column][/vc_row][vc_row][vc_column][/vc_column][/vc_row][vc_row][vc_column][vc_btn title= »Download Bilddateien » link= »url:https%3A%2F%2Fvs-manufaktur.de%2Fwp-content%2Fuploads%2F2021%2F10%2FLIN.jpg.zip »][vc_btn title= »Download Energielabel » css= ».vc_custom_1629183867300{margin-left: 50px !important;} » link= »url:https%3A%2F%2Fvs-manufaktur.de%2Fwp-content%2Fuploads%2F2021%2F08%2FEnergylabel_LIN.zip »][vc_btn title= »Download Produktdatenblatt » css= ».vc_custom_1629183893320{margin-left: 50px !important;} » link= »url:https%3A%2F%2Fvs-manufaktur.de%2Fwp-content%2Fuploads%2F2021%2F08%2Fdata-sheet-LIN_de.pdf.zip »][/vc_column][/vc_row]</p>
</div>

<p>[vc_row][vc_column width= »1/2&Prime;][vc_column_text css= ».vc_custom_1634278953074{margin-top: -5px !important;} »] Leseleuchte mit flexibler, speziell verstärkter Stahlfeder [/vc_column_text][vc_column_text css= ».vc_custom_1634278946254{margin-top: -10px !important;} »] Designed by: Florian Schulz [/vc_column_text][vc_column_text css= » »] Höhe: ca. 140 cm Schirm: TEFLON weiß, Ø 7 cm Fassung: GY6.35, max. 50 W / 12 V Leuchtmittel: 1 x G6 inkl., 50 W entspricht 75 W, dimmbar Kabel: 2,5 m Dimmer: Schieberegler&hellip;</p>
