{"id":4299,"date":"2019-02-04T19:25:43","date_gmt":"2019-02-04T19:25:43","guid":{"rendered":"https:\/\/vs-manufaktur.de\/?post_type=portfolio&#038;p=4299"},"modified":"2024-01-21T12:54:31","modified_gmt":"2024-01-21T12:54:31","slug":"pen-100","status":"publish","type":"portfolio","link":"https:\/\/vs-manufaktur.de\/fr\/portfolio\/pen-100\/","title":{"rendered":"PEN 100"},"content":{"rendered":"<div class=\"wpb-content-wrapper\"><p>[vc_row][vc_column width=\u00a0\u00bb1\/2&Prime;][vc_column_text css=\u00a0\u00bb.vc_custom_1634296216802{margin-top: -5px !important;}\u00a0\u00bb]<\/p>\n<p class=\"p2\"><strong>Pendelleuchte h\u00f6henverstellbar<\/strong><br \/>\n<strong>beide Leuchtelemente drehbar (360\u00b0)<\/strong><\/p>\n<p>[\/vc_column_text][vc_column_text css=\u00a0\u00bb.vc_custom_1634296212245{margin-top: -10px !important;}\u00a0\u00bb]<\/p>\n<table>\n<tbody>\n<tr>\n<td width=\"130px\">Designed by:<\/td>\n<td>Florian Schulz<\/td>\n<\/tr>\n<\/tbody>\n<\/table>\n<p>[\/vc_column_text][vc_column_text]<\/p>\n<table>\n<tbody>\n<tr>\n<td width=\"130px\">L\u00e4nge:<\/td>\n<td>100 cm<\/td>\n<\/tr>\n<tr>\n<td>Baldachin:<\/td>\n<td>15 x 15 x 5 cm<\/td>\n<\/tr>\n<tr>\n<td>Schirm:<\/td>\n<td>\u00d8 2,1 cm<\/td>\n<\/tr>\n<tr>\n<td>H\u00f6he:<\/td>\n<td>verstellbar von 80 bis 140 cm (Standard)*<\/td>\n<\/tr>\n<tr>\n<td>Leuchtmittel:<\/td>\n<td>2 x LED 150 (insg. ca. 12 Watt) inkl., auswechselbar, ca. 1200 Lumen<\/td>\n<\/tr>\n<tr>\n<td>Lichtfarbe:<\/td>\n<td>warmwei\u00df 2700 K<\/td>\n<\/tr>\n<tr>\n<td>Farbwiedergabe:<\/td>\n<td>&gt; 90 Ra<\/td>\n<\/tr>\n<tr>\n<td>Dimmer:<\/td>\n<td>u\u0308ber Hausinstallation oder Casambi m\u00f6glich**<\/td>\n<\/tr>\n<\/tbody>\n<\/table>\n<p>[\/vc_column_text][vc_column_text]<\/p>\n<p class=\"p1\">* Folgende Abh\u00e4ngungen auf Anfrage (ohne Aufpreis):<br \/>\nGesamth\u00f6he 105 \u2013 200 cm<br \/>\nGesamth\u00f6he 130 \u2013 250 cm<br \/>\nAndere Pendell\u00e4ngen auf Anfrage m\u00f6glich.<\/p>\n<p class=\"p1\">** Wir empfehlen (unverbindlich) folgende Dimmer Fabrikate:<\/p>\n<ul>\n<li class=\"p1\">Jung 1731DD<\/li>\n<li class=\"p1\">Feller 40300.RC<\/li>\n<li class=\"p1\">Arditi 027505<\/li>\n<li class=\"p1\">Casambi Dimmer 800598 \/ 800680<\/li>\n<li class=\"p1\">Kopp 8033<\/li>\n<\/ul>\n<p>[\/vc_column_text][vc_single_image image=\u00a0\u00bb4301&Prime; img_size=\u00a0\u00bblarge\u00a0\u00bb onclick=\u00a0\u00bblink_image\u00a0\u00bb css=\u00a0\u00bb.vc_custom_1611515263117{margin-right: 90px !important;}\u00a0\u00bb][\/vc_column][vc_column width=\u00a0\u00bb1\/2&Prime;][vc_gallery interval=\u00a0\u00bb3&Prime; images=\u00a0\u00bb11072&Prime; img_size=\u00a0\u00bblarge\u00a0\u00bb][\/vc_column][\/vc_row][vc_row][vc_column][\/vc_column][\/vc_row][vc_row][vc_column][vc_column_text]<\/p>\n<p class=\"p1\">Verf\u00fcgbar in folgenden Oberfl\u00e4chen:<\/p>\n<p>[\/vc_column_text][vc_single_image image=\u00a0\u00bb8018&Prime; img_size=\u00a0\u00bblarge\u00a0\u00bb alignment=\u00a0\u00bbcenter\u00a0\u00bb onclick=\u00a0\u00bblink_image\u00a0\u00bb][\/vc_column][\/vc_row][vc_row][vc_column][\/vc_column][\/vc_row][vc_row][vc_column][vc_btn title=\u00a0\u00bbDownload Bilddateien\u00a0\u00bb link=\u00a0\u00bburl:https%3A%2F%2Fvs-manufaktur.de%2Fwp-content%2Fuploads%2F2021%2F10%2FPEN_100.jpg.zip\u00a0\u00bb][vc_btn title=\u00a0\u00bbDownload Energielabel\u00a0\u00bb link=\u00a0\u00bburl:https%3A%2F%2Fvs-manufaktur.de%2Fwp-content%2Fuploads%2F2021%2F08%2FEnergylabel_PEN-100.zip\u00a0\u00bb css=\u00a0\u00bb.vc_custom_1629270370324{margin-left: 50px !important;}\u00a0\u00bb][vc_btn title=\u00a0\u00bbDownload Produktdatenblatt\u00a0\u00bb link=\u00a0\u00bburl:https%3A%2F%2Fvs-manufaktur.de%2Fwp-content%2Fuploads%2F2021%2F08%2Fdata-sheet-PEN-100_de.pdf.zip\u00a0\u00bb css=\u00a0\u00bb.vc_custom_1629270456114{margin-left: 50px !important;}\u00a0\u00bb][\/vc_column][\/vc_row][vc_row][vc_column][vc_column_text css=\u00a0\u00bb.vc_custom_1692191612415{margin-top: 20px !important;}\u00a0\u00bb]<\/p>\n<h1>Weitere PEN Modelle:<\/h1>\n<p>[\/vc_column_text][\/vc_column][\/vc_row][vc_row][vc_column width=\u00a0\u00bb1\/3&Prime;][vc_hoverbox image=\u00a0\u00bb4423&Prime; primary_title=\u00a0\u00bb\u00a0\u00bb hover_title=\u00a0\u00bbPEN 121&Prime; shape=\u00a0\u00bbsquare\u00a0\u00bb css=\u00a0\u00bb.vc_custom_1692191713155{margin-bottom: 10px !important;}\u00a0\u00bb]<a class=\"link-hover\" href=\"https:\/\/vs-manufaktur.de\/portfolio\/pen-121\/\">Zur Modellseite<\/a>[\/vc_hoverbox][\/vc_column][vc_column width=\u00a0\u00bb1\/3&Prime;][vc_hoverbox image=\u00a0\u00bb11074&Prime; primary_title=\u00a0\u00bb\u00a0\u00bb hover_title=\u00a0\u00bbPEN 142&Prime; shape=\u00a0\u00bbsquare\u00a0\u00bb css=\u00a0\u00bb.vc_custom_1692192260737{margin-bottom: 10px !important;}\u00a0\u00bb]<a class=\"link-hover\" href=\"https:\/\/vs-manufaktur.de\/portfolio\/pen-142\/\">Zur Modellseite<\/a>[\/vc_hoverbox][\/vc_column][vc_column width=\u00a0\u00bb1\/3&Prime;][\/vc_column][\/vc_row]<\/p>\n<\/div>","protected":false},"excerpt":{"rendered":"<p>[vc_row][vc_column width=\u00a0\u00bb1\/2&Prime;][vc_column_text css=\u00a0\u00bb.vc_custom_1634296216802{margin-top: -5px !important;}\u00a0\u00bb] Pendelleuchte h\u00f6henverstellbar beide Leuchtelemente drehbar (360\u00b0) [\/vc_column_text][vc_column_text css=\u00a0\u00bb.vc_custom_1634296212245{margin-top: -10px !important;}\u00a0\u00bb] Designed by: Florian Schulz [\/vc_column_text][vc_column_text] L\u00e4nge: 100 cm Baldachin: 15 x 15 x 5 cm Schirm: \u00d8 2,1 cm H\u00f6he: verstellbar von 80 bis 140 cm (Standard)* Leuchtmittel: 2 x LED 150 (insg. ca. 12 Watt) inkl., auswechselbar, ca. 1200&hellip;<\/p>\n","protected":false},"author":1,"featured_media":4300,"comment_status":"closed","ping_status":"closed","template":"","meta":{"_acf_changed":false,"footnotes":""},"portfolio_category":[41,93],"portfolio_tag":[],"class_list":["post-4299","portfolio","type-portfolio","status-publish","has-post-thumbnail","hentry","portfolio_category-pendelleuchten","portfolio_category-pendelleuchten-fs"],"translation":{"provider":"WPGlobus","version":"3.0.2","language":"fr","enabled_languages":["de","en","fr"],"languages":{"de":{"title":true,"content":true,"excerpt":false},"en":{"title":true,"content":true,"excerpt":false},"fr":{"title":false,"content":false,"excerpt":false}}},"acf":[],"aioseo_notices":[],"_links":{"self":[{"href":"https:\/\/vs-manufaktur.de\/fr\/wp-json\/wp\/v2\/portfolio\/4299","targetHints":{"allow":["GET"]}}],"collection":[{"href":"https:\/\/vs-manufaktur.de\/fr\/wp-json\/wp\/v2\/portfolio"}],"about":[{"href":"https:\/\/vs-manufaktur.de\/fr\/wp-json\/wp\/v2\/types\/portfolio"}],"author":[{"embeddable":true,"href":"https:\/\/vs-manufaktur.de\/fr\/wp-json\/wp\/v2\/users\/1"}],"replies":[{"embeddable":true,"href":"https:\/\/vs-manufaktur.de\/fr\/wp-json\/wp\/v2\/comments?post=4299"}],"version-history":[{"count":42,"href":"https:\/\/vs-manufaktur.de\/fr\/wp-json\/wp\/v2\/portfolio\/4299\/revisions"}],"predecessor-version":[{"id":13008,"href":"https:\/\/vs-manufaktur.de\/fr\/wp-json\/wp\/v2\/portfolio\/4299\/revisions\/13008"}],"wp:featuredmedia":[{"embeddable":true,"href":"https:\/\/vs-manufaktur.de\/fr\/wp-json\/wp\/v2\/media\/4300"}],"wp:attachment":[{"href":"https:\/\/vs-manufaktur.de\/fr\/wp-json\/wp\/v2\/media?parent=4299"}],"wp:term":[{"taxonomy":"portfolio_category","embeddable":true,"href":"https:\/\/vs-manufaktur.de\/fr\/wp-json\/wp\/v2\/portfolio_category?post=4299"},{"taxonomy":"portfolio_tag","embeddable":true,"href":"https:\/\/vs-manufaktur.de\/fr\/wp-json\/wp\/v2\/portfolio_tag?post=4299"}],"curies":[{"name":"wp","href":"https:\/\/api.w.org\/{rel}","templated":true}]}}

<div class="wpb-content-wrapper"><p>[vc_row][vc_column width= »1/2&Prime;][vc_column_text css= ».vc_custom_1634296216802{margin-top: -5px !important;} »]</p>
<p class="p2"><strong>Pendelleuchte höhenverstellbar</strong><br />
<strong>beide Leuchtelemente drehbar (360°)</strong></p>
<p>[/vc_column_text][vc_column_text css= ».vc_custom_1634296212245{margin-top: -10px !important;} »]</p>
<table>
<tbody>
<tr>
<td width="130px">Designed by:</td>
<td>Florian Schulz</td>
</tr>
</tbody>
</table>
<p>[/vc_column_text][vc_column_text]</p>
<table>
<tbody>
<tr>
<td width="130px">Länge:</td>
<td>100 cm</td>
</tr>
<tr>
<td>Baldachin:</td>
<td>15 x 15 x 5 cm</td>
</tr>
<tr>
<td>Schirm:</td>
<td>Ø 2,1 cm</td>
</tr>
<tr>
<td>Höhe:</td>
<td>verstellbar von 80 bis 140 cm (Standard)*</td>
</tr>
<tr>
<td>Leuchtmittel:</td>
<td>2 x LED 150 (insg. ca. 12 Watt) inkl., auswechselbar, ca. 1200 Lumen</td>
</tr>
<tr>
<td>Lichtfarbe:</td>
<td>warmweiß 2700 K</td>
</tr>
<tr>
<td>Farbwiedergabe:</td>
<td>&gt; 90 Ra</td>
</tr>
<tr>
<td>Dimmer:</td>
<td>über Hausinstallation oder Casambi möglich**</td>
</tr>
</tbody>
</table>
<p>[/vc_column_text][vc_column_text]</p>
<p class="p1">* Folgende Abhängungen auf Anfrage (ohne Aufpreis):<br />
Gesamthöhe 105 – 200 cm<br />
Gesamthöhe 130 – 250 cm<br />
Andere Pendellängen auf Anfrage möglich.</p>
<p class="p1">** Wir empfehlen (unverbindlich) folgende Dimmer Fabrikate:</p>
<ul>
<li class="p1">Jung 1731DD</li>
<li class="p1">Feller 40300.RC</li>
<li class="p1">Arditi 027505</li>
<li class="p1">Casambi Dimmer 800598 / 800680</li>
<li class="p1">Kopp 8033</li>
</ul>
<p>[/vc_column_text][vc_single_image image= »4301&Prime; img_size= »large » onclick= »link_image » css= ».vc_custom_1611515263117{margin-right: 90px !important;} »][/vc_column][vc_column width= »1/2&Prime;][vc_gallery interval= »3&Prime; images= »11072&Prime; img_size= »large »][/vc_column][/vc_row][vc_row][vc_column][/vc_column][/vc_row][vc_row][vc_column][vc_column_text]</p>
<p class="p1">Verfügbar in folgenden Oberflächen:</p>
<p>[/vc_column_text][vc_single_image image= »8018&Prime; img_size= »large » alignment= »center » onclick= »link_image »][/vc_column][/vc_row][vc_row][vc_column][/vc_column][/vc_row][vc_row][vc_column][vc_btn title= »Download Bilddateien » link= »url:https%3A%2F%2Fvs-manufaktur.de%2Fwp-content%2Fuploads%2F2021%2F10%2FPEN_100.jpg.zip »][vc_btn title= »Download Energielabel » link= »url:https%3A%2F%2Fvs-manufaktur.de%2Fwp-content%2Fuploads%2F2021%2F08%2FEnergylabel_PEN-100.zip » css= ».vc_custom_1629270370324{margin-left: 50px !important;} »][vc_btn title= »Download Produktdatenblatt » link= »url:https%3A%2F%2Fvs-manufaktur.de%2Fwp-content%2Fuploads%2F2021%2F08%2Fdata-sheet-PEN-100_de.pdf.zip » css= ».vc_custom_1629270456114{margin-left: 50px !important;} »][/vc_column][/vc_row][vc_row][vc_column][vc_column_text css= ».vc_custom_1692191612415{margin-top: 20px !important;} »]</p>
<h1>Weitere PEN Modelle:</h1>
<p>[/vc_column_text][/vc_column][/vc_row][vc_row][vc_column width= »1/3&Prime;][vc_hoverbox image= »4423&Prime; primary_title= » » hover_title= »PEN 121&Prime; shape= »square » css= ».vc_custom_1692191713155{margin-bottom: 10px !important;} »]<a class="link-hover" href="https://vs-manufaktur.de/portfolio/pen-121/">Zur Modellseite</a>[/vc_hoverbox][/vc_column][vc_column width= »1/3&Prime;][vc_hoverbox image= »11074&Prime; primary_title= » » hover_title= »PEN 142&Prime; shape= »square » css= ».vc_custom_1692192260737{margin-bottom: 10px !important;} »]<a class="link-hover" href="https://vs-manufaktur.de/portfolio/pen-142/">Zur Modellseite</a>[/vc_hoverbox][/vc_column][vc_column width= »1/3&Prime;][/vc_column][/vc_row]</p>
</div>

<p>[vc_row][vc_column width= »1/2&Prime;][vc_column_text css= ».vc_custom_1634296216802{margin-top: -5px !important;} »] Pendelleuchte höhenverstellbar beide Leuchtelemente drehbar (360°) [/vc_column_text][vc_column_text css= ».vc_custom_1634296212245{margin-top: -10px !important;} »] Designed by: Florian Schulz [/vc_column_text][vc_column_text] Länge: 100 cm Baldachin: 15 x 15 x 5 cm Schirm: Ø 2,1 cm Höhe: verstellbar von 80 bis 140 cm (Standard)* Leuchtmittel: 2 x LED 150 (insg. ca. 12 Watt) inkl., auswechselbar, ca. 1200&hellip;</p>
