{"id":11819,"date":"2022-03-29T05:51:09","date_gmt":"2022-03-29T05:51:09","guid":{"rendered":"https:\/\/vs-manufaktur.de\/?post_type=portfolio&#038;p=11819"},"modified":"2025-01-28T10:09:32","modified_gmt":"2025-01-28T10:09:32","slug":"one-58-2022","status":"publish","type":"portfolio","link":"https:\/\/vs-manufaktur.de\/fr\/portfolio\/one-58-2022\/","title":{"rendered":"ONE 58"},"content":{"rendered":"<div class=\"wpb-content-wrapper\"><p>[vc_row][vc_column][vc_column_text css=\u00a0\u00bb.vc_custom_1648532727596{margin-top: -5px !important;}\u00a0\u00bb]<strong>Pendelleuchte dimmbar, h\u00f6heneinstellbar<\/strong>[\/vc_column_text][vc_single_image image=\u00a0\u00bb11786&Prime; img_size=\u00a0\u00bbfull\u00a0\u00bb][\/vc_column][\/vc_row][vc_row][vc_column width=\u00a0\u00bb2\/3&Prime;][vc_column_text]<\/p>\n<table>\n<tbody>\n<tr>\n<td width=\"130px\">\n<h3>Designed by:<\/h3>\n<\/td>\n<td>\n<h3>Florian Schulz + Jens Schump<\/h3>\n<\/td>\n<\/tr>\n<\/tbody>\n<\/table>\n<p>[\/vc_column_text][vc_column_text css=\u00a0\u00bb\u00a0\u00bb]<\/p>\n<table>\n<tbody>\n<tr>\n<td width=\"130px\">H\u00f6he:<\/td>\n<td>von 0,5 bis 2 m einstellbar (Standard)*<\/td>\n<\/tr>\n<tr>\n<td>\u00d8 Ring:<\/td>\n<td>58 cm<\/td>\n<\/tr>\n<tr>\n<td>\u00d8 Baldachin:<\/td>\n<td>25 cm<\/td>\n<\/tr>\n<tr>\n<td>Leuchtmittel:<\/td>\n<td>LED-Band (22,5 Watt) mit Diffusor inkl., ca. 3660 Lumen<\/td>\n<\/tr>\n<tr>\n<td>Lichtfarbe:<\/td>\n<td>warmwei\u00df 2700 K<\/td>\n<\/tr>\n<tr>\n<td>Farbwiedergabe:<\/td>\n<td>&gt; 96 Ra<\/td>\n<\/tr>\n<tr>\n<td>Dimmer:<\/td>\n<td>u\u0308ber Hausinstallation m\u00f6glich (Standard)**<\/td>\n<\/tr>\n<\/tbody>\n<\/table>\n<p>[\/vc_column_text][vc_column_text]<\/p>\n<p class=\"p1\">* Andere Abh\u00e4ngeh\u00f6hen auf Anfrage.<\/p>\n<p class=\"p1\">** DALI-Modul mit Casambi Dimmer<\/p>\n<p class=\"p2\">Alternativ empfehlen wir (unverbindlich)\u00a0folgende Dimmer Fabrikate:<\/p>\n<ul>\n<li class=\"p2\">Jung 1731DD<\/li>\n<li class=\"p2\">Gira 540100 (System 3000)<\/li>\n<li class=\"p2\">Feller 40200<\/li>\n<li class=\"p2\">Berker 85421100<\/li>\n<li class=\"p2\">Busch-Jaeger 64851U<\/li>\n<li class=\"p2\">Kopp 8455<\/li>\n<li class=\"p2\">Eltako EUD61NPL-230V<\/li>\n<\/ul>\n<p>[\/vc_column_text][vc_single_image image=\u00a0\u00bb5432&Prime; img_size=\u00a0\u00bblarge\u00a0\u00bb onclick=\u00a0\u00bblink_image\u00a0\u00bb css=\u00a0\u00bb.vc_custom_1648532978753{margin-right: 50px !important;}\u00a0\u00bb][\/vc_column][vc_column width=\u00a0\u00bb1\/3&Prime;][vc_column_text css=\u00a0\u00bb.vc_custom_1647353170815{margin-top: 17px !important;}\u00a0\u00bb]<\/p>\n<h3>Verf\u00fcgbar in folgenden Oberfl\u00e4chen:<\/h3>\n<p>[\/vc_column_text][vc_tta_accordion title_tag=\u00a0\u00bbh5&Prime; section_title_tag=\u00a0\u00bbp\u00a0\u00bb style=\u00a0\u00bbflat\u00a0\u00bb color=\u00a0\u00bbwhite\u00a0\u00bb active_section=\u00a0\u00bb\u00a0\u00bb collapsible_all=\u00a0\u00bbtrue\u00a0\u00bb css=\u00a0\u00bb.vc_custom_1647433581778{margin-bottom: 70px !important;}\u00a0\u00bb][vc_tta_section title=\u00a0\u00bbMp &#8211; Messing poliert, unlackiert\u00a0\u00bb tab_id=\u00a0\u00bb1646811335740-b628a5de-b59647e9-7ca9&Prime;][vc_single_image image=\u00a0\u00bb11649&Prime; img_size=\u00a0\u00bbmedium\u00a0\u00bb css=\u00a0\u00bb.vc_custom_1647353583468{margin-top: 20px !important;margin-right: 40px !important;margin-bottom: 20px !important;margin-left: 40px !important;}\u00a0\u00bb][\/vc_tta_section][vc_tta_section title=\u00a0\u00bbMs &#8211; Messing poliert, lackiert\u00a0\u00bb tab_id=\u00a0\u00bb1646811335750-13897860-0b7447e9-7ca9&Prime;][vc_single_image image=\u00a0\u00bb11649&Prime; img_size=\u00a0\u00bbfull\u00a0\u00bb css=\u00a0\u00bb.vc_custom_1647353655196{margin-top: 20px !important;margin-right: 40px !important;margin-bottom: 20px !important;margin-left: 40px !important;}\u00a0\u00bb][\/vc_tta_section][vc_tta_section title=\u00a0\u00bbMt &#8211; Messing matt geb\u00fcrstet, lackiert\u00a0\u00bb tab_id=\u00a0\u00bb1646811889472-f0f5fa96-5e7047e9-7ca9&Prime;][vc_single_image image=\u00a0\u00bb11650&Prime; img_size=\u00a0\u00bbfull\u00a0\u00bb css=\u00a0\u00bb.vc_custom_1647353677827{margin-top: 20px !important;margin-right: 40px !important;margin-bottom: 20px !important;margin-left: 40px !important;}\u00a0\u00bb][\/vc_tta_section][vc_tta_section title=\u00a0\u00bbNi &#8211; Messing vernickelt\u00a0\u00bb tab_id=\u00a0\u00bb1646811513164-8f083ca3-cde347e9-7ca9&Prime;][vc_single_image image=\u00a0\u00bb11651&Prime; img_size=\u00a0\u00bbfull\u00a0\u00bb css=\u00a0\u00bb.vc_custom_1647353718355{margin-top: 20px !important;margin-right: 40px !important;margin-bottom: 20px !important;margin-left: 40px !important;}\u00a0\u00bb][\/vc_tta_section][vc_tta_section title=\u00a0\u00bbNm &#8211; Messing vernickelt, matt geb\u00fcrstet\u00a0\u00bb tab_id=\u00a0\u00bb1646811953074-8c6caa65-d83447e9-7ca9&Prime;][vc_single_image image=\u00a0\u00bb11652&Prime; img_size=\u00a0\u00bbfull\u00a0\u00bb css=\u00a0\u00bb.vc_custom_1647353736332{margin-top: 20px !important;margin-right: 40px !important;margin-bottom: 20px !important;margin-left: 40px !important;}\u00a0\u00bb][\/vc_tta_section][vc_tta_section title=\u00a0\u00bbCr &#8211; Messing verchromt &#8211; unsere widerstandsf\u00e4higste Oberfl\u00e4che\u00a0\u00bb tab_id=\u00a0\u00bb1646811989909-5b406089-a1fc47e9-7ca9&Prime;][vc_single_image image=\u00a0\u00bb11647&Prime; img_size=\u00a0\u00bbfull\u00a0\u00bb css=\u00a0\u00bb.vc_custom_1647353763117{margin-top: 20px !important;margin-right: 40px !important;margin-bottom: 20px !important;margin-left: 40px !important;}\u00a0\u00bb][\/vc_tta_section][vc_tta_section title=\u00a0\u00bbCu &#8211; Messing verkupfert, lackiert\u00a0\u00bb tab_id=\u00a0\u00bb1646812072596-8356377c-6d2c47e9-7ca9&Prime;][vc_single_image image=\u00a0\u00bb11648&Prime; img_size=\u00a0\u00bbfull\u00a0\u00bb css=\u00a0\u00bb.vc_custom_1647353784155{margin-top: 20px !important;margin-right: 40px !important;margin-bottom: 20px !important;margin-left: 40px !important;}\u00a0\u00bb][\/vc_tta_section][vc_tta_section title=\u00a0\u00bbCm &#8211; Messing verkupfert, matt geb\u00fcrstet, lackiert\u00a0\u00bb tab_id=\u00a0\u00bb1646812100648-57760a4c-9d0647e9-7ca9&Prime;][vc_single_image image=\u00a0\u00bb11646&Prime; img_size=\u00a0\u00bbfull\u00a0\u00bb css=\u00a0\u00bb.vc_custom_1647353816554{margin-top: 20px !important;margin-right: 40px !important;margin-bottom: 20px !important;margin-left: 40px !important;}\u00a0\u00bb][\/vc_tta_section][vc_tta_section title=\u00a0\u00bbBr &#8211; Messing br\u00fcniert, lackiert\u00a0\u00bb tab_id=\u00a0\u00bb1646812117066-1ad59ea9-1cf247e9-7ca9&Prime;][vc_single_image image=\u00a0\u00bb11645&Prime; img_size=\u00a0\u00bbfull\u00a0\u00bb css=\u00a0\u00bb.vc_custom_1647353842223{margin-top: 20px !important;margin-right: 40px !important;margin-bottom: 20px !important;margin-left: 40px !important;}\u00a0\u00bb][\/vc_tta_section][vc_tta_section title=\u00a0\u00bbBd &#8211; Messing dunkel br\u00fcniert, lackiert\u00a0\u00bb tab_id=\u00a0\u00bb1646812123755-f2a4dc44-93d547e9-7ca9&Prime;][vc_single_image image=\u00a0\u00bb11644&Prime; img_size=\u00a0\u00bbfull\u00a0\u00bb css=\u00a0\u00bb.vc_custom_1647353860853{margin-top: 20px !important;margin-right: 40px !important;margin-bottom: 20px !important;margin-left: 40px !important;}\u00a0\u00bb][\/vc_tta_section][vc_tta_section title=\u00a0\u00bbIndividuelle Lackierung nach RAL Karte.\u00a0\u00bb tab_id=\u00a0\u00bb1647346933062-830ada18-f9dc\u00a0\u00bb][vc_single_image image=\u00a0\u00bb11768&Prime; img_size=\u00a0\u00bbfull\u00a0\u00bb][\/vc_tta_section][\/vc_tta_accordion][vc_btn title=\u00a0\u00bbDownload Bilddateien\u00a0\u00bb style=\u00a0\u00bboutline\u00a0\u00bb shape=\u00a0\u00bbround\u00a0\u00bb color=\u00a0\u00bbblack\u00a0\u00bb align=\u00a0\u00bbleft\u00a0\u00bb i_icon_fontawesome=\u00a0\u00bbfas fa-arrow-circle-down\u00a0\u00bb css=\u00a0\u00bb.vc_custom_1648533005609{margin-top: 40px !important;}\u00a0\u00bb add_icon=\u00a0\u00bbtrue\u00a0\u00bb link=\u00a0\u00bburl:https%3A%2F%2Fvs-manufaktur.de%2Fwp-content%2Fuploads%2F2021%2F10%2FONE-58.jpg.zip\u00a0\u00bb][vc_btn title=\u00a0\u00bbDownload Energielabel\u00a0\u00bb style=\u00a0\u00bboutline\u00a0\u00bb shape=\u00a0\u00bbround\u00a0\u00bb color=\u00a0\u00bbblack\u00a0\u00bb align=\u00a0\u00bbleft\u00a0\u00bb i_icon_fontawesome=\u00a0\u00bbfas fa-arrow-circle-down\u00a0\u00bb add_icon=\u00a0\u00bbtrue\u00a0\u00bb link=\u00a0\u00bburl:https%3A%2F%2Fvs-manufaktur.de%2Fwp-content%2Fuploads%2F2021%2F08%2FEnergylabel_ONE-58.zip\u00a0\u00bb][vc_btn title=\u00a0\u00bbDownload Produktdatenblatt\u00a0\u00bb style=\u00a0\u00bboutline\u00a0\u00bb shape=\u00a0\u00bbround\u00a0\u00bb color=\u00a0\u00bbblack\u00a0\u00bb align=\u00a0\u00bbleft\u00a0\u00bb i_icon_fontawesome=\u00a0\u00bbfas fa-arrow-circle-down\u00a0\u00bb css=\u00a0\u00bb.vc_custom_1648533065267{margin-left: 0px !important;background-color: #ffffff !important;}\u00a0\u00bb add_icon=\u00a0\u00bbtrue\u00a0\u00bb link=\u00a0\u00bburl:https%3A%2F%2Fvs-manufaktur.de%2Fwp-content%2Fuploads%2F2021%2F08%2Fdata-sheet-ONE-58_de.pdf.zip\u00a0\u00bb][\/vc_column][\/vc_row][vc_column][\/vc_column][vc_column][\/vc_column][vc_row][vc_column][vc_column_text]<\/p>\n<h1>Die gr\u00f6\u00dfere Variante ist unser Modell ONE 80:<\/h1>\n<p>[\/vc_column_text][\/vc_column][\/vc_row][vc_row][vc_column width=\u00a0\u00bb1\/3&Prime;][vc_hoverbox image=\u00a0\u00bb10779&Prime; primary_title=\u00a0\u00bb\u00a0\u00bb hover_title=\u00a0\u00bb\u00a0\u00bb shape=\u00a0\u00bbsquare\u00a0\u00bb]<a href=\"https:\/\/vs-manufaktur.de\/portfolio\/one-80-2022\/\">Zur Modellseite<\/a>[\/vc_hoverbox][\/vc_column][vc_column width=\u00a0\u00bb1\/3&Prime;][\/vc_column][vc_column width=\u00a0\u00bb1\/3&Prime;][\/vc_column][\/vc_row]<\/p>\n<\/div>","protected":false},"excerpt":{"rendered":"<p>[vc_row][vc_column][vc_column_text css=\u00a0\u00bb.vc_custom_1648532727596{margin-top: -5px !important;}\u00a0\u00bb]Pendelleuchte dimmbar, h\u00f6heneinstellbar[\/vc_column_text][vc_single_image image=\u00a0\u00bb11786&Prime; img_size=\u00a0\u00bbfull\u00a0\u00bb][\/vc_column][\/vc_row][vc_row][vc_column width=\u00a0\u00bb2\/3&Prime;][vc_column_text] Designed by: Florian Schulz + Jens Schump [\/vc_column_text][vc_column_text css=\u00a0\u00bb\u00a0\u00bb] H\u00f6he: von 0,5 bis 2 m einstellbar (Standard)* \u00d8 Ring: 58 cm \u00d8 Baldachin: 25 cm Leuchtmittel: LED-Band (22,5 Watt) mit Diffusor inkl., ca. 3660 Lumen Lichtfarbe: warmwei\u00df 2700 K Farbwiedergabe: &gt; 96 Ra Dimmer: u\u0308ber Hausinstallation&hellip;<\/p>\n","protected":false},"author":2,"featured_media":5202,"comment_status":"closed","ping_status":"closed","template":"","meta":{"_acf_changed":false,"footnotes":""},"portfolio_category":[74,33,76],"portfolio_tag":[],"class_list":["post-11819","portfolio","type-portfolio","status-publish","has-post-thumbnail","hentry","portfolio_category-vs","portfolio_category-leuchter","portfolio_category-leuchter-vs"],"translation":{"provider":"WPGlobus","version":"3.0.2","language":"fr","enabled_languages":["de","en","fr"],"languages":{"de":{"title":true,"content":true,"excerpt":false},"en":{"title":true,"content":true,"excerpt":false},"fr":{"title":false,"content":false,"excerpt":false}}},"acf":[],"aioseo_notices":[],"_links":{"self":[{"href":"https:\/\/vs-manufaktur.de\/fr\/wp-json\/wp\/v2\/portfolio\/11819","targetHints":{"allow":["GET"]}}],"collection":[{"href":"https:\/\/vs-manufaktur.de\/fr\/wp-json\/wp\/v2\/portfolio"}],"about":[{"href":"https:\/\/vs-manufaktur.de\/fr\/wp-json\/wp\/v2\/types\/portfolio"}],"author":[{"embeddable":true,"href":"https:\/\/vs-manufaktur.de\/fr\/wp-json\/wp\/v2\/users\/2"}],"replies":[{"embeddable":true,"href":"https:\/\/vs-manufaktur.de\/fr\/wp-json\/wp\/v2\/comments?post=11819"}],"version-history":[{"count":17,"href":"https:\/\/vs-manufaktur.de\/fr\/wp-json\/wp\/v2\/portfolio\/11819\/revisions"}],"predecessor-version":[{"id":13171,"href":"https:\/\/vs-manufaktur.de\/fr\/wp-json\/wp\/v2\/portfolio\/11819\/revisions\/13171"}],"wp:featuredmedia":[{"embeddable":true,"href":"https:\/\/vs-manufaktur.de\/fr\/wp-json\/wp\/v2\/media\/5202"}],"wp:attachment":[{"href":"https:\/\/vs-manufaktur.de\/fr\/wp-json\/wp\/v2\/media?parent=11819"}],"wp:term":[{"taxonomy":"portfolio_category","embeddable":true,"href":"https:\/\/vs-manufaktur.de\/fr\/wp-json\/wp\/v2\/portfolio_category?post=11819"},{"taxonomy":"portfolio_tag","embeddable":true,"href":"https:\/\/vs-manufaktur.de\/fr\/wp-json\/wp\/v2\/portfolio_tag?post=11819"}],"curies":[{"name":"wp","href":"https:\/\/api.w.org\/{rel}","templated":true}]}}

<div class="wpb-content-wrapper"><p>[vc_row][vc_column][vc_column_text css= ».vc_custom_1648532727596{margin-top: -5px !important;} »]<strong>Pendelleuchte dimmbar, höheneinstellbar</strong>[/vc_column_text][vc_single_image image= »11786&Prime; img_size= »full »][/vc_column][/vc_row][vc_row][vc_column width= »2/3&Prime;][vc_column_text]</p>
<table>
<tbody>
<tr>
<td width="130px">
<h3>Designed by:</h3>
</td>
<td>
<h3>Florian Schulz + Jens Schump</h3>
</td>
</tr>
</tbody>
</table>
<p>[/vc_column_text][vc_column_text css= » »]</p>
<table>
<tbody>
<tr>
<td width="130px">Höhe:</td>
<td>von 0,5 bis 2 m einstellbar (Standard)*</td>
</tr>
<tr>
<td>Ø Ring:</td>
<td>58 cm</td>
</tr>
<tr>
<td>Ø Baldachin:</td>
<td>25 cm</td>
</tr>
<tr>
<td>Leuchtmittel:</td>
<td>LED-Band (22,5 Watt) mit Diffusor inkl., ca. 3660 Lumen</td>
</tr>
<tr>
<td>Lichtfarbe:</td>
<td>warmweiß 2700 K</td>
</tr>
<tr>
<td>Farbwiedergabe:</td>
<td>&gt; 96 Ra</td>
</tr>
<tr>
<td>Dimmer:</td>
<td>über Hausinstallation möglich (Standard)**</td>
</tr>
</tbody>
</table>
<p>[/vc_column_text][vc_column_text]</p>
<p class="p1">* Andere Abhängehöhen auf Anfrage.</p>
<p class="p1">** DALI-Modul mit Casambi Dimmer</p>
<p class="p2">Alternativ empfehlen wir (unverbindlich) folgende Dimmer Fabrikate:</p>
<ul>
<li class="p2">Jung 1731DD</li>
<li class="p2">Gira 540100 (System 3000)</li>
<li class="p2">Feller 40200</li>
<li class="p2">Berker 85421100</li>
<li class="p2">Busch-Jaeger 64851U</li>
<li class="p2">Kopp 8455</li>
<li class="p2">Eltako EUD61NPL-230V</li>
</ul>
<p>[/vc_column_text][vc_single_image image= »5432&Prime; img_size= »large » onclick= »link_image » css= ».vc_custom_1648532978753{margin-right: 50px !important;} »][/vc_column][vc_column width= »1/3&Prime;][vc_column_text css= ».vc_custom_1647353170815{margin-top: 17px !important;} »]</p>
<h3>Verfügbar in folgenden Oberflächen:</h3>
<p>[/vc_column_text][vc_tta_accordion title_tag= »h5&Prime; section_title_tag= »p » style= »flat » color= »white » active_section= » » collapsible_all= »true » css= ».vc_custom_1647433581778{margin-bottom: 70px !important;} »][vc_tta_section title= »Mp &#8211; Messing poliert, unlackiert » tab_id= »1646811335740-b628a5de-b59647e9-7ca9&Prime;][vc_single_image image= »11649&Prime; img_size= »medium » css= ».vc_custom_1647353583468{margin-top: 20px !important;margin-right: 40px !important;margin-bottom: 20px !important;margin-left: 40px !important;} »][/vc_tta_section][vc_tta_section title= »Ms &#8211; Messing poliert, lackiert » tab_id= »1646811335750-13897860-0b7447e9-7ca9&Prime;][vc_single_image image= »11649&Prime; img_size= »full » css= ».vc_custom_1647353655196{margin-top: 20px !important;margin-right: 40px !important;margin-bottom: 20px !important;margin-left: 40px !important;} »][/vc_tta_section][vc_tta_section title= »Mt &#8211; Messing matt gebürstet, lackiert » tab_id= »1646811889472-f0f5fa96-5e7047e9-7ca9&Prime;][vc_single_image image= »11650&Prime; img_size= »full » css= ».vc_custom_1647353677827{margin-top: 20px !important;margin-right: 40px !important;margin-bottom: 20px !important;margin-left: 40px !important;} »][/vc_tta_section][vc_tta_section title= »Ni &#8211; Messing vernickelt » tab_id= »1646811513164-8f083ca3-cde347e9-7ca9&Prime;][vc_single_image image= »11651&Prime; img_size= »full » css= ».vc_custom_1647353718355{margin-top: 20px !important;margin-right: 40px !important;margin-bottom: 20px !important;margin-left: 40px !important;} »][/vc_tta_section][vc_tta_section title= »Nm &#8211; Messing vernickelt, matt gebürstet » tab_id= »1646811953074-8c6caa65-d83447e9-7ca9&Prime;][vc_single_image image= »11652&Prime; img_size= »full » css= ».vc_custom_1647353736332{margin-top: 20px !important;margin-right: 40px !important;margin-bottom: 20px !important;margin-left: 40px !important;} »][/vc_tta_section][vc_tta_section title= »Cr &#8211; Messing verchromt &#8211; unsere widerstandsfähigste Oberfläche » tab_id= »1646811989909-5b406089-a1fc47e9-7ca9&Prime;][vc_single_image image= »11647&Prime; img_size= »full » css= ».vc_custom_1647353763117{margin-top: 20px !important;margin-right: 40px !important;margin-bottom: 20px !important;margin-left: 40px !important;} »][/vc_tta_section][vc_tta_section title= »Cu &#8211; Messing verkupfert, lackiert » tab_id= »1646812072596-8356377c-6d2c47e9-7ca9&Prime;][vc_single_image image= »11648&Prime; img_size= »full » css= ».vc_custom_1647353784155{margin-top: 20px !important;margin-right: 40px !important;margin-bottom: 20px !important;margin-left: 40px !important;} »][/vc_tta_section][vc_tta_section title= »Cm &#8211; Messing verkupfert, matt gebürstet, lackiert » tab_id= »1646812100648-57760a4c-9d0647e9-7ca9&Prime;][vc_single_image image= »11646&Prime; img_size= »full » css= ».vc_custom_1647353816554{margin-top: 20px !important;margin-right: 40px !important;margin-bottom: 20px !important;margin-left: 40px !important;} »][/vc_tta_section][vc_tta_section title= »Br &#8211; Messing brüniert, lackiert » tab_id= »1646812117066-1ad59ea9-1cf247e9-7ca9&Prime;][vc_single_image image= »11645&Prime; img_size= »full » css= ».vc_custom_1647353842223{margin-top: 20px !important;margin-right: 40px !important;margin-bottom: 20px !important;margin-left: 40px !important;} »][/vc_tta_section][vc_tta_section title= »Bd &#8211; Messing dunkel brüniert, lackiert » tab_id= »1646812123755-f2a4dc44-93d547e9-7ca9&Prime;][vc_single_image image= »11644&Prime; img_size= »full » css= ».vc_custom_1647353860853{margin-top: 20px !important;margin-right: 40px !important;margin-bottom: 20px !important;margin-left: 40px !important;} »][/vc_tta_section][vc_tta_section title= »Individuelle Lackierung nach RAL Karte. » tab_id= »1647346933062-830ada18-f9dc »][vc_single_image image= »11768&Prime; img_size= »full »][/vc_tta_section][/vc_tta_accordion][vc_btn title= »Download Bilddateien » style= »outline » shape= »round » color= »black » align= »left » i_icon_fontawesome= »fas fa-arrow-circle-down » css= ».vc_custom_1648533005609{margin-top: 40px !important;} » add_icon= »true » link= »url:https%3A%2F%2Fvs-manufaktur.de%2Fwp-content%2Fuploads%2F2021%2F10%2FONE-58.jpg.zip »][vc_btn title= »Download Energielabel » style= »outline » shape= »round » color= »black » align= »left » i_icon_fontawesome= »fas fa-arrow-circle-down » add_icon= »true » link= »url:https%3A%2F%2Fvs-manufaktur.de%2Fwp-content%2Fuploads%2F2021%2F08%2FEnergylabel_ONE-58.zip »][vc_btn title= »Download Produktdatenblatt » style= »outline » shape= »round » color= »black » align= »left » i_icon_fontawesome= »fas fa-arrow-circle-down » css= ».vc_custom_1648533065267{margin-left: 0px !important;background-color: #ffffff !important;} » add_icon= »true » link= »url:https%3A%2F%2Fvs-manufaktur.de%2Fwp-content%2Fuploads%2F2021%2F08%2Fdata-sheet-ONE-58_de.pdf.zip »][/vc_column][/vc_row][vc_column][/vc_column][vc_column][/vc_column][vc_row][vc_column][vc_column_text]</p>
<h1>Die größere Variante ist unser Modell ONE 80:</h1>
<p>[/vc_column_text][/vc_column][/vc_row][vc_row][vc_column width= »1/3&Prime;][vc_hoverbox image= »10779&Prime; primary_title= » » hover_title= » » shape= »square »]<a href="https://vs-manufaktur.de/portfolio/one-80-2022/">Zur Modellseite</a>[/vc_hoverbox][/vc_column][vc_column width= »1/3&Prime;][/vc_column][vc_column width= »1/3&Prime;][/vc_column][/vc_row]</p>
</div>

<p>[vc_row][vc_column][vc_column_text css= ».vc_custom_1648532727596{margin-top: -5px !important;} »]Pendelleuchte dimmbar, höheneinstellbar[/vc_column_text][vc_single_image image= »11786&Prime; img_size= »full »][/vc_column][/vc_row][vc_row][vc_column width= »2/3&Prime;][vc_column_text] Designed by: Florian Schulz + Jens Schump [/vc_column_text][vc_column_text css= » »] Höhe: von 0,5 bis 2 m einstellbar (Standard)* Ø Ring: 58 cm Ø Baldachin: 25 cm Leuchtmittel: LED-Band (22,5 Watt) mit Diffusor inkl., ca. 3660 Lumen Lichtfarbe: warmweiß 2700 K Farbwiedergabe: &gt; 96 Ra Dimmer: über Hausinstallation&hellip;</p>
