{"id":14075,"date":"2026-03-02T07:23:55","date_gmt":"2026-03-02T07:23:55","guid":{"rendered":"https:\/\/vs-manufaktur.de\/?page_id=14075"},"modified":"2026-03-18T08:56:35","modified_gmt":"2026-03-18T08:56:35","slug":"betec-kollektion","status":"publish","type":"page","link":"https:\/\/vs-manufaktur.de\/fr\/kollektionen\/betec-kollektion\/","title":{"rendered":"BETEC Kollektion"},"content":{"rendered":"<div class=\"wpb-content-wrapper\"><p>[vc_row][vc_column width=\u00a0\u00bb1\/2&Prime;][vc_column_text css=\u00a0\u00bb\u00a0\u00bb]<\/p>\n<h1 class=\"unterstrichen\">BETEC Kollektion<\/h1>\n<h2>Fortf\u00fchrung von Produktion und Vertrieb \u2013<br \/>\nBETEC kommt zur VS Manufaktur<\/h2>\n<p>Mit der BETEC Kollektion, die sich auf exklusive Bilderleuchten spezialisiert hat,<br \/>\nk\u00f6nnen wir nun jeden Bereich des Innenraums ganzheitlich abdecken \u2013 von anspruchsvoller Wohnraumbeleuchtung bis hin zur perfekten Inszenierung von Kunstwerken.[\/vc_column_text][\/vc_column][vc_column width=\u00a0\u00bb1\/2&Prime;][vc_single_image image=\u00a0\u00bb14096&Prime; img_size=\u00a0\u00bbfull\u00a0\u00bb css=\u00a0\u00bb\u00a0\u00bb][\/vc_column][\/vc_row][vc_row][vc_column width=\u00a0\u00bb1\/4&Prime;][vc_single_image image=\u00a0\u00bb14077&Prime; img_size=\u00a0\u00bbfull\u00a0\u00bb alignment=\u00a0\u00bbcenter\u00a0\u00bb onclick=\u00a0\u00bbcustom_link\u00a0\u00bb css=\u00a0\u00bb.vc_custom_1773819443391{margin-bottom: 0px !important;}\u00a0\u00bb link=\u00a0\u00bbhttps:\/\/vs-manufaktur.de\/kollektionen\/clarus-betec-kollektion\/\u00a0\u00bb][vc_column_text css=\u00a0\u00bb.vc_custom_1773815188060{margin-top: 10px !important;}\u00a0\u00bb]<\/p>\n<h4 style=\"text-align: center;\"><a title=\"CLARUS \u2013 BETEC Kollektion\" href=\"https:\/\/vs-manufaktur.de\/kollektionen\/clarus-betec-kollektion\/\">Modell Clarus<\/a><\/h4>\n<p>[\/vc_column_text][\/vc_column][vc_column width=\u00a0\u00bb1\/4&Prime;][vc_single_image image=\u00a0\u00bb14081&Prime; img_size=\u00a0\u00bbfull\u00a0\u00bb alignment=\u00a0\u00bbcenter\u00a0\u00bb onclick=\u00a0\u00bbcustom_link\u00a0\u00bb css=\u00a0\u00bb.vc_custom_1773824155927{margin-bottom: 0px !important;}\u00a0\u00bb link=\u00a0\u00bbhttps:\/\/vs-manufaktur.de\/kollektionen\/mono-betec-kollektion\/\u00a0\u00bb][vc_column_text css=\u00a0\u00bb.vc_custom_1773824146793{margin-top: 10px !important;}\u00a0\u00bb]<\/p>\n<h4 style=\"text-align: center;\"><a href=\"https:\/\/vs-manufaktur.de\/kollektionen\/mono-betec-kollektion\/\">Modell Mono<\/a><\/h4>\n<p>[\/vc_column_text][\/vc_column][vc_column width=\u00a0\u00bb1\/4&Prime;][vc_single_image image=\u00a0\u00bb14076&Prime; img_size=\u00a0\u00bbfull\u00a0\u00bb alignment=\u00a0\u00bbcenter\u00a0\u00bb onclick=\u00a0\u00bbcustom_link\u00a0\u00bb css=\u00a0\u00bb.vc_custom_1773823705144{margin-bottom: 0px !important;}\u00a0\u00bb link=\u00a0\u00bbhttps:\/\/vs-manufaktur.de\/kollektionen\/angulus-betec-kollektion\/\u00a0\u00bb][vc_column_text css=\u00a0\u00bb.vc_custom_1773823694997{margin-top: 10px !important;}\u00a0\u00bb]<\/p>\n<h4 style=\"text-align: center;\"><a href=\"https:\/\/vs-manufaktur.de\/kollektionen\/angulus-betec-kollektion\/\">Modell Angulus<\/a><\/h4>\n<p>[\/vc_column_text][\/vc_column][vc_column width=\u00a0\u00bb1\/4&Prime;][vc_single_image image=\u00a0\u00bb14080&Prime; img_size=\u00a0\u00bbfull\u00a0\u00bb alignment=\u00a0\u00bbcenter\u00a0\u00bb onclick=\u00a0\u00bbcustom_link\u00a0\u00bb css=\u00a0\u00bb.vc_custom_1773822700783{margin-bottom: 0px !important;}\u00a0\u00bb link=\u00a0\u00bbhttps:\/\/vs-manufaktur.de\/kollektionen\/minimus-betec-kollektion\/\u00a0\u00bb][vc_column_text css=\u00a0\u00bb.vc_custom_1773822691728{margin-top: 10px !important;}\u00a0\u00bb]<\/p>\n<h4 style=\"text-align: center;\"><a href=\"https:\/\/vs-manufaktur.de\/kollektionen\/minimus-betec-kollektion\/\">Modell Minimus<\/a><\/h4>\n<p>[\/vc_column_text][\/vc_column][\/vc_row][vc_row][vc_column width=\u00a0\u00bb1\/4&Prime;][vc_single_image image=\u00a0\u00bb14079&Prime; img_size=\u00a0\u00bbfull\u00a0\u00bb alignment=\u00a0\u00bbcenter\u00a0\u00bb onclick=\u00a0\u00bbcustom_link\u00a0\u00bb css=\u00a0\u00bb.vc_custom_1773822021109{margin-bottom: 0px !important;}\u00a0\u00bb link=\u00a0\u00bbhttps:\/\/vs-manufaktur.de\/kollektionen\/maximus-betec-kollektion\/\u00a0\u00bb][vc_column_text css=\u00a0\u00bb.vc_custom_1773822012834{margin-top: 10px !important;margin-bottom: 0px !important;}\u00a0\u00bb]<\/p>\n<h4 style=\"text-align: center;\"><a href=\"https:\/\/vs-manufaktur.de\/kollektionen\/maximus-betec-kollektion\/\">Modell Maximus<\/a><\/h4>\n<p>[\/vc_column_text][\/vc_column][vc_column width=\u00a0\u00bb1\/4&Prime;][vc_single_image image=\u00a0\u00bb14232&Prime; img_size=\u00a0\u00bbfull\u00a0\u00bb alignment=\u00a0\u00bbcenter\u00a0\u00bb onclick=\u00a0\u00bbcustom_link\u00a0\u00bb css=\u00a0\u00bb.vc_custom_1773819227286{margin-bottom: 0px !important;}\u00a0\u00bb link=\u00a0\u00bbhttps:\/\/vs-manufaktur.de\/kollektionen\/ductus-betec-kollektion\/\u00a0\u00bb][vc_column_text css=\u00a0\u00bb.vc_custom_1773819212451{margin-top: 10px !important;margin-bottom: 0px !important;}\u00a0\u00bb]<\/p>\n<h4 style=\"text-align: center;\"><a title=\"ductus-betec-kollektion\" href=\"https:\/\/vs-manufaktur.de\/kollektionen\/ductus-betec-kollektion\/\">Modell Ductus<\/a><\/h4>\n<p>[\/vc_column_text][\/vc_column][vc_column width=\u00a0\u00bb1\/4&Prime;][vc_single_image image=\u00a0\u00bb14082&Prime; img_size=\u00a0\u00bbfull\u00a0\u00bb alignment=\u00a0\u00bbcenter\u00a0\u00bb onclick=\u00a0\u00bbcustom_link\u00a0\u00bb css=\u00a0\u00bb.vc_custom_1773815219721{margin-bottom: 0px !important;}\u00a0\u00bb link=\u00a0\u00bbhttps:\/\/vs-manufaktur.de\/kollektionen\/piano-betec-kollektion\/\u00a0\u00bb][vc_column_text css=\u00a0\u00bb.vc_custom_1773819238127{margin-top: 10px !important;margin-bottom: 0px !important;}\u00a0\u00bb]<\/p>\n<h4 style=\"text-align: center;\"><a title=\"PIANO \u2013 BETEC Kollektion\" href=\"https:\/\/vs-manufaktur.de\/kollektionen\/piano-betec-kollektion\/\">Modell Piano<\/a><\/h4>\n<p>[\/vc_column_text][\/vc_column][vc_column width=\u00a0\u00bb1\/4&Prime;][\/vc_column][\/vc_row][vc_row el_class=\u00a0\u00bbAbstand\u00a0\u00bb css=\u00a0\u00bb.vc_custom_1772436225988{margin-bottom: 20px !important;}\u00a0\u00bb][vc_column][vc_column_text css=\u00a0\u00bb\u00a0\u00bb]<\/p>\n<h1 class=\"unterstrichen\">\u00dcber BETEC<\/h1>\n<p>[\/vc_column_text][vc_column_text css=\u00a0\u00bb\u00a0\u00bb]<\/p>\n<div>\n<p>Der Umzug der Produktion vom 250 km entfernten Dachau nach Steinheim ist nun abgeschlossen.Mit der BETEC Kollektion, die sich auf exklusive Bilderleuchten spezialisiert hat, k\u00f6nnen wir nun jeden Bereich des Innenraums ganzheitlich abdecken \u2013 von anspruchsvoller Wohnraumbeleuchtung bis hin zur perfekten Inszenierung von Kunstwerken.<\/p>\n<p><strong>F\u00fcr bestehende BETEC Kunden gilt:<\/strong><br \/>\nDie Modelle Clarus, Mono, Angulus, Minimus, Maximus, Ductus und Piano bleiben erhalten.<br \/>\nKonstruktion, Lichttechnik und Qualit\u00e4tsstandard werden unver\u00e4ndert fortgef\u00fchrt.<br \/>\nService, Ersatzteile und pers\u00f6nliche Beratung sind dadurch weiterhin gesichert.<\/p>\n<p>Durch die Fusion beider Standorte sichern wir langfristig h\u00f6chste qualit\u00e4tsstandards und Innovation im Handwerk.<br \/>\nIn der \u00dcbergangsphase kann es zu l\u00e4ngeren Bearbeitungszeiten kommen.<br \/>\nWir danken Ihnen f\u00fcr Ihr Vertrauen und Ihr Verst\u00e4ndnis.<\/p>\n<p>Kontinuierlich wird die BETEC Kollektion in unsere digitale Pr\u00e4senz integriert. Schon bald finden Sie hier alle Modelle \u00fcbersichtlich dargestellt.<\/p>\n<\/div>\n<p>[\/vc_column_text][vc_row_inner disable_element=\u00a0\u00bbyes\u00a0\u00bb][vc_column_inner][vc_column_text]<img loading=\"lazy\" decoding=\"async\" class=\"alignleft wp-image-11295 size-full\" style=\"width: 19%; height: auto; margin: 0 16px 16px 0;\" src=\"https:\/\/vs-manufaktur.de\/wp-content\/uploads\/2022\/02\/Portrait-Florian-Schulz.jpg\" alt=\"\" width=\"410\" height=\"410\" srcset=\"https:\/\/vs-manufaktur.de\/wp-content\/uploads\/2022\/02\/Portrait-Florian-Schulz.jpg 410w, https:\/\/vs-manufaktur.de\/wp-content\/uploads\/2022\/02\/Portrait-Florian-Schulz-300x300.jpg 300w, https:\/\/vs-manufaktur.de\/wp-content\/uploads\/2022\/02\/Portrait-Florian-Schulz-150x150.jpg 150w\" sizes=\"auto, (max-width: 410px) 100vw, 410px\" \/>Florian Schulz (1946\u20142019) absolvierte im elterlichen Handwerksbetrieb eine Ausbildung zum Metallbildner.<br \/>\n<strong>Als j\u00fcngster Sohn \u00fcbernahm er die Leuchtenmanufaktur 1973.<\/strong> Auch er widmete sich zun\u00e4chst dem Objekt-Bau mit Ma\u00dfanfertigungen f\u00fcr unter Anderem die Staatsoper Stuttgart und das Modehaus Breuninger. Mehr und mehr jedoch konzentrierte er sich auf die Gestaltung von Wohnraumleuchten aus Messing. Diese wurden weiterhin am Standort in Ludwigsburg von einem ausgesuchten Team an Handwerkern in Serie produziert.<br \/>\n<strong>So entwickelte Florian Schulz \u00fcber die Jahre eine umfangreiche Kollektion an Leuchten, die in allen Bereichen des Wohnens einsetzbar sind &#8211; damals wie heute.<\/strong><\/p>\n<p>Antrieb und Inspiration waren f\u00fcr ihn die M\u00f6glichkeiten der Messingbearbeitung und der Anspruch zeitlose funktionale Leuchten zu erschaffen, die den Wohnraum bestm\u00f6glich ausleuchten.<br \/>\n<strong>Damit hinterlie\u00df er eine einzigartige Sammlung, die h\u00f6chste Handwerkskunst mit zeitlosem Design und zeitgem\u00e4\u00dfer Technik verband.<\/strong>[\/vc_column_text][\/vc_column_inner][\/vc_row_inner][\/vc_column][\/vc_row][vc_row][vc_column][\/vc_column][\/vc_row]<\/p>\n<\/div>","protected":false},"excerpt":{"rendered":"<p>[vc_row][vc_column width=\u00a0\u00bb1\/2&Prime;][vc_column_text css=\u00a0\u00bb\u00a0\u00bb] BETEC Kollektion Fortf\u00fchrung von Produktion und Vertrieb \u2013 BETEC kommt zur VS Manufaktur Mit der BETEC Kollektion, die sich auf exklusive Bilderleuchten spezialisiert hat, k\u00f6nnen wir nun jeden Bereich des Innenraums ganzheitlich abdecken \u2013 von anspruchsvoller Wohnraumbeleuchtung bis hin zur perfekten Inszenierung von Kunstwerken.[\/vc_column_text][\/vc_column][vc_column width=\u00a0\u00bb1\/2&Prime;][vc_single_image image=\u00a0\u00bb14096&Prime; img_size=\u00a0\u00bbfull\u00a0\u00bb css=\u00a0\u00bb\u00a0\u00bb][\/vc_column][\/vc_row][vc_row][vc_column width=\u00a0\u00bb1\/4&Prime;][vc_single_image image=\u00a0\u00bb14077&Prime; img_size=\u00a0\u00bbfull\u00a0\u00bb alignment=\u00a0\u00bbcenter\u00a0\u00bb&hellip;<\/p>\n","protected":false},"author":2,"featured_media":0,"parent":11258,"menu_order":0,"comment_status":"closed","ping_status":"closed","template":"","meta":{"_acf_changed":false,"footnotes":""},"class_list":["post-14075","page","type-page","status-publish","hentry"],"translation":{"provider":"WPGlobus","version":"3.0.2","language":"fr","enabled_languages":["de","en","fr"],"languages":{"de":{"title":true,"content":true,"excerpt":false},"en":{"title":true,"content":true,"excerpt":false},"fr":{"title":false,"content":false,"excerpt":false}}},"acf":[],"aioseo_notices":[],"_links":{"self":[{"href":"https:\/\/vs-manufaktur.de\/fr\/wp-json\/wp\/v2\/pages\/14075","targetHints":{"allow":["GET"]}}],"collection":[{"href":"https:\/\/vs-manufaktur.de\/fr\/wp-json\/wp\/v2\/pages"}],"about":[{"href":"https:\/\/vs-manufaktur.de\/fr\/wp-json\/wp\/v2\/types\/page"}],"author":[{"embeddable":true,"href":"https:\/\/vs-manufaktur.de\/fr\/wp-json\/wp\/v2\/users\/2"}],"replies":[{"embeddable":true,"href":"https:\/\/vs-manufaktur.de\/fr\/wp-json\/wp\/v2\/comments?post=14075"}],"version-history":[{"count":34,"href":"https:\/\/vs-manufaktur.de\/fr\/wp-json\/wp\/v2\/pages\/14075\/revisions"}],"predecessor-version":[{"id":14260,"href":"https:\/\/vs-manufaktur.de\/fr\/wp-json\/wp\/v2\/pages\/14075\/revisions\/14260"}],"up":[{"embeddable":true,"href":"https:\/\/vs-manufaktur.de\/fr\/wp-json\/wp\/v2\/pages\/11258"}],"wp:attachment":[{"href":"https:\/\/vs-manufaktur.de\/fr\/wp-json\/wp\/v2\/media?parent=14075"}],"curies":[{"name":"wp","href":"https:\/\/api.w.org\/{rel}","templated":true}]}}

<div class="wpb-content-wrapper"><p>[vc_row][vc_column width= »1/2&Prime;][vc_column_text css= » »]</p>
<h1 class="unterstrichen">BETEC Kollektion</h1>
<h2>Fortführung von Produktion und Vertrieb –<br />
BETEC kommt zur VS Manufaktur</h2>
<p>Mit der BETEC Kollektion, die sich auf exklusive Bilderleuchten spezialisiert hat,<br />
können wir nun jeden Bereich des Innenraums ganzheitlich abdecken – von anspruchsvoller Wohnraumbeleuchtung bis hin zur perfekten Inszenierung von Kunstwerken.[/vc_column_text][/vc_column][vc_column width= »1/2&Prime;][vc_single_image image= »14096&Prime; img_size= »full » css= » »][/vc_column][/vc_row][vc_row][vc_column width= »1/4&Prime;][vc_single_image image= »14077&Prime; img_size= »full » alignment= »center » onclick= »custom_link » css= ».vc_custom_1773819443391{margin-bottom: 0px !important;} » link= »https://vs-manufaktur.de/kollektionen/clarus-betec-kollektion/ »][vc_column_text css= ».vc_custom_1773815188060{margin-top: 10px !important;} »]</p>
<h4 style="text-align: center;"><a title="CLARUS – BETEC Kollektion" href="https://vs-manufaktur.de/kollektionen/clarus-betec-kollektion/">Modell Clarus</a></h4>
<p>[/vc_column_text][/vc_column][vc_column width= »1/4&Prime;][vc_single_image image= »14081&Prime; img_size= »full » alignment= »center » onclick= »custom_link » css= ».vc_custom_1773824155927{margin-bottom: 0px !important;} » link= »https://vs-manufaktur.de/kollektionen/mono-betec-kollektion/ »][vc_column_text css= ».vc_custom_1773824146793{margin-top: 10px !important;} »]</p>
<h4 style="text-align: center;"><a href="https://vs-manufaktur.de/kollektionen/mono-betec-kollektion/">Modell Mono</a></h4>
<p>[/vc_column_text][/vc_column][vc_column width= »1/4&Prime;][vc_single_image image= »14076&Prime; img_size= »full » alignment= »center » onclick= »custom_link » css= ».vc_custom_1773823705144{margin-bottom: 0px !important;} » link= »https://vs-manufaktur.de/kollektionen/angulus-betec-kollektion/ »][vc_column_text css= ».vc_custom_1773823694997{margin-top: 10px !important;} »]</p>
<h4 style="text-align: center;"><a href="https://vs-manufaktur.de/kollektionen/angulus-betec-kollektion/">Modell Angulus</a></h4>
<p>[/vc_column_text][/vc_column][vc_column width= »1/4&Prime;][vc_single_image image= »14080&Prime; img_size= »full » alignment= »center » onclick= »custom_link » css= ».vc_custom_1773822700783{margin-bottom: 0px !important;} » link= »https://vs-manufaktur.de/kollektionen/minimus-betec-kollektion/ »][vc_column_text css= ».vc_custom_1773822691728{margin-top: 10px !important;} »]</p>
<h4 style="text-align: center;"><a href="https://vs-manufaktur.de/kollektionen/minimus-betec-kollektion/">Modell Minimus</a></h4>
<p>[/vc_column_text][/vc_column][/vc_row][vc_row][vc_column width= »1/4&Prime;][vc_single_image image= »14079&Prime; img_size= »full » alignment= »center » onclick= »custom_link » css= ».vc_custom_1773822021109{margin-bottom: 0px !important;} » link= »https://vs-manufaktur.de/kollektionen/maximus-betec-kollektion/ »][vc_column_text css= ».vc_custom_1773822012834{margin-top: 10px !important;margin-bottom: 0px !important;} »]</p>
<h4 style="text-align: center;"><a href="https://vs-manufaktur.de/kollektionen/maximus-betec-kollektion/">Modell Maximus</a></h4>
<p>[/vc_column_text][/vc_column][vc_column width= »1/4&Prime;][vc_single_image image= »14232&Prime; img_size= »full » alignment= »center » onclick= »custom_link » css= ».vc_custom_1773819227286{margin-bottom: 0px !important;} » link= »https://vs-manufaktur.de/kollektionen/ductus-betec-kollektion/ »][vc_column_text css= ».vc_custom_1773819212451{margin-top: 10px !important;margin-bottom: 0px !important;} »]</p>
<h4 style="text-align: center;"><a title="ductus-betec-kollektion" href="https://vs-manufaktur.de/kollektionen/ductus-betec-kollektion/">Modell Ductus</a></h4>
<p>[/vc_column_text][/vc_column][vc_column width= »1/4&Prime;][vc_single_image image= »14082&Prime; img_size= »full » alignment= »center » onclick= »custom_link » css= ».vc_custom_1773815219721{margin-bottom: 0px !important;} » link= »https://vs-manufaktur.de/kollektionen/piano-betec-kollektion/ »][vc_column_text css= ».vc_custom_1773819238127{margin-top: 10px !important;margin-bottom: 0px !important;} »]</p>
<h4 style="text-align: center;"><a title="PIANO – BETEC Kollektion" href="https://vs-manufaktur.de/kollektionen/piano-betec-kollektion/">Modell Piano</a></h4>
<p>[/vc_column_text][/vc_column][vc_column width= »1/4&Prime;][/vc_column][/vc_row][vc_row el_class= »Abstand » css= ».vc_custom_1772436225988{margin-bottom: 20px !important;} »][vc_column][vc_column_text css= » »]</p>
<h1 class="unterstrichen">Über BETEC</h1>
<p>[/vc_column_text][vc_column_text css= » »]</p>
<div>
<p>Der Umzug der Produktion vom 250 km entfernten Dachau nach Steinheim ist nun abgeschlossen.Mit der BETEC Kollektion, die sich auf exklusive Bilderleuchten spezialisiert hat, können wir nun jeden Bereich des Innenraums ganzheitlich abdecken – von anspruchsvoller Wohnraumbeleuchtung bis hin zur perfekten Inszenierung von Kunstwerken.</p>
<p><strong>Für bestehende BETEC Kunden gilt:</strong><br />
Die Modelle Clarus, Mono, Angulus, Minimus, Maximus, Ductus und Piano bleiben erhalten.<br />
Konstruktion, Lichttechnik und Qualitätsstandard werden unverändert fortgeführt.<br />
Service, Ersatzteile und persönliche Beratung sind dadurch weiterhin gesichert.</p>
<p>Durch die Fusion beider Standorte sichern wir langfristig höchste qualitätsstandards und Innovation im Handwerk.<br />
In der Übergangsphase kann es zu längeren Bearbeitungszeiten kommen.<br />
Wir danken Ihnen für Ihr Vertrauen und Ihr Verständnis.</p>
<p>Kontinuierlich wird die BETEC Kollektion in unsere digitale Präsenz integriert. Schon bald finden Sie hier alle Modelle übersichtlich dargestellt.</p>
</div>
<p>[/vc_column_text][vc_row_inner disable_element= »yes »][vc_column_inner][vc_column_text]<img loading="lazy" decoding="async" class="alignleft wp-image-11295 size-full" style="width: 19%; height: auto; margin: 0 16px 16px 0;" src="https://vs-manufaktur.de/wp-content/uploads/2022/02/Portrait-Florian-Schulz.jpg" alt="" width="410" height="410" srcset="https://vs-manufaktur.de/wp-content/uploads/2022/02/Portrait-Florian-Schulz.jpg 410w, https://vs-manufaktur.de/wp-content/uploads/2022/02/Portrait-Florian-Schulz-300x300.jpg 300w, https://vs-manufaktur.de/wp-content/uploads/2022/02/Portrait-Florian-Schulz-150x150.jpg 150w" sizes="auto, (max-width: 410px) 100vw, 410px" />Florian Schulz (1946—2019) absolvierte im elterlichen Handwerksbetrieb eine Ausbildung zum Metallbildner.<br />
<strong>Als jüngster Sohn übernahm er die Leuchtenmanufaktur 1973.</strong> Auch er widmete sich zunächst dem Objekt-Bau mit Maßanfertigungen für unter Anderem die Staatsoper Stuttgart und das Modehaus Breuninger. Mehr und mehr jedoch konzentrierte er sich auf die Gestaltung von Wohnraumleuchten aus Messing. Diese wurden weiterhin am Standort in Ludwigsburg von einem ausgesuchten Team an Handwerkern in Serie produziert.<br />
<strong>So entwickelte Florian Schulz über die Jahre eine umfangreiche Kollektion an Leuchten, die in allen Bereichen des Wohnens einsetzbar sind &#8211; damals wie heute.</strong></p>
<p>Antrieb und Inspiration waren für ihn die Möglichkeiten der Messingbearbeitung und der Anspruch zeitlose funktionale Leuchten zu erschaffen, die den Wohnraum bestmöglich ausleuchten.<br />
<strong>Damit hinterließ er eine einzigartige Sammlung, die höchste Handwerkskunst mit zeitlosem Design und zeitgemäßer Technik verband.</strong>[/vc_column_text][/vc_column_inner][/vc_row_inner][/vc_column][/vc_row][vc_row][vc_column][/vc_column][/vc_row]</p>
</div>

<p>[vc_row][vc_column width= »1/2&Prime;][vc_column_text css= » »] BETEC Kollektion Fortführung von Produktion und Vertrieb – BETEC kommt zur VS Manufaktur Mit der BETEC Kollektion, die sich auf exklusive Bilderleuchten spezialisiert hat, können wir nun jeden Bereich des Innenraums ganzheitlich abdecken – von anspruchsvoller Wohnraumbeleuchtung bis hin zur perfekten Inszenierung von Kunstwerken.[/vc_column_text][/vc_column][vc_column width= »1/2&Prime;][vc_single_image image= »14096&Prime; img_size= »full » css= » »][/vc_column][/vc_row][vc_row][vc_column width= »1/4&Prime;][vc_single_image image= »14077&Prime; img_size= »full » alignment= »center »&hellip;</p>
