{"id":11985,"date":"2022-08-12T10:26:52","date_gmt":"2022-08-12T10:26:52","guid":{"rendered":"https:\/\/vs-manufaktur.de\/?page_id=11985"},"modified":"2023-09-27T10:41:33","modified_gmt":"2023-09-27T10:41:33","slug":"lampenmanufaktur","status":"publish","type":"page","link":"https:\/\/vs-manufaktur.de\/fr\/lampenmanufaktur\/","title":{"rendered":"Lampenmanufaktur"},"content":{"rendered":"<div class=\"wpb-content-wrapper\"><p>[vc_row][vc_column][vc_column_text]<\/p>\n<h1>Kunstvolle Leuchten bei hoher Qualit\u00e4t<\/h1>\n<p><strong>Wir als Lampenmanufaktur folgen dem Credo: &#8230; f\u00fcr lebenslangen Gebrauch. Im Mittelpunkt steht f\u00fcr uns vor allem eine erstklassige handwerkliche Meisterarbeit und eine zeitlose, edle Gestaltung. Bei der Einrichtung Ihrer Wohnung sollten Sie vor allem auf die Beleuchtung achten. Eine gem\u00fctliche Atmosph\u00e4re entsteht durch die richtigen Lampen.<\/strong><\/p>\n<h2>Unsere Lampenmanufaktur verleiht Ihrem Zuhause eine einzigartige Note<\/h2>\n<p>Unsere\u00a0<strong>Lampenmanufaktur<\/strong>\u00a0hat ein Ziel: Bei hoher Qualit\u00e4t und erstklassiger Handarbeit m\u00f6chten wir Sie mit unserem Design begeistern. Wir bieten Ihnen eine gro\u00dfe Vielzahl an Leuchten, die Sie ganz individuell einsetzen k\u00f6nnen. Wir stellen in unserer Lampenmanufaktur exklusiv f\u00fcr Sie Beleuchtungen her, die Ihnen ein behagliches Wohnen garantieren. Wir gestalten unsere Leuchten edel und zeitlos. So ist f\u00fcr jeden Geschmack die passende Leuchte dabei.[\/vc_column_text][\/vc_column][\/vc_row][vc_row][vc_column width=\u00a0\u00bb1\/2&Prime;][vc_single_image image=\u00a0\u00bb11569&Prime; img_size=\u00a0\u00bbfull\u00a0\u00bb][\/vc_column][vc_column width=\u00a0\u00bb1\/2&Prime;][vc_single_image image=\u00a0\u00bb11546&Prime; img_size=\u00a0\u00bbfull\u00a0\u00bb][\/vc_column][\/vc_row][vc_row css=\u00a0\u00bb.vc_custom_1660556294542{margin-top: 30px !important;margin-right: 10% !important;margin-bottom: 40px !important;margin-left: 10% !important;}\u00a0\u00bb][vc_column][vc_column_text]<\/p>\n<h1 style=\"text-align: center;\">Weitere Modelle finden Sie auf den jeweiligen Unterseiten der Kollektionen<\/h1>\n<p>[\/vc_column_text][vc_row_inner][vc_column_inner width=\u00a0\u00bb1\/3&Prime;][vc_column_text el_class=\u00a0\u00bbKollektion_Auswahlbutton\u00a0\u00bb]<a href=\"https:\/\/vs-manufaktur.de\/portfolio-category\/vs\/\">VS Manufaktur Kollektion<\/a>[\/vc_column_text][\/vc_column_inner][vc_column_inner width=\u00a0\u00bb1\/3&Prime;][vc_column_text el_class=\u00a0\u00bbKollektion_Auswahlbutton\u00a0\u00bb]<a href=\"https:\/\/vs-manufaktur.de\/kollektionen\/kollektion-florian-schulz\/\">Florian Schulz Kollektion<\/a>[\/vc_column_text][\/vc_column_inner][vc_column_inner width=\u00a0\u00bb1\/3&Prime;][vc_column_text el_class=\u00a0\u00bbKollektion_Auswahlbutton\u00a0\u00bb]<a href=\"https:\/\/vs-manufaktur.de\/alle-modelle\/\">\u00dcbersicht beider Kollektionen<\/a>[\/vc_column_text][\/vc_column_inner][\/vc_row_inner][\/vc_column][\/vc_row]<\/p>\n<\/div>","protected":false},"excerpt":{"rendered":"<p>[vc_row][vc_column][vc_column_text] Kunstvolle Leuchten bei hoher Qualit\u00e4t Wir als Lampenmanufaktur folgen dem Credo: &#8230; f\u00fcr lebenslangen Gebrauch. Im Mittelpunkt steht f\u00fcr uns vor allem eine erstklassige handwerkliche Meisterarbeit und eine zeitlose, edle Gestaltung. Bei der Einrichtung Ihrer Wohnung sollten Sie vor allem auf die Beleuchtung achten. Eine gem\u00fctliche Atmosph\u00e4re entsteht durch die richtigen Lampen. Unsere Lampenmanufaktur&hellip;<\/p>\n","protected":false},"author":2,"featured_media":0,"parent":0,"menu_order":0,"comment_status":"closed","ping_status":"closed","template":"","meta":{"_acf_changed":false,"footnotes":""},"class_list":["post-11985","page","type-page","status-publish","hentry"],"translation":{"provider":"WPGlobus","version":"3.0.2","language":"fr","enabled_languages":["de","en","fr"],"languages":{"de":{"title":true,"content":true,"excerpt":false},"en":{"title":true,"content":true,"excerpt":false},"fr":{"title":false,"content":false,"excerpt":false}}},"acf":[],"aioseo_notices":[],"_links":{"self":[{"href":"https:\/\/vs-manufaktur.de\/fr\/wp-json\/wp\/v2\/pages\/11985","targetHints":{"allow":["GET"]}}],"collection":[{"href":"https:\/\/vs-manufaktur.de\/fr\/wp-json\/wp\/v2\/pages"}],"about":[{"href":"https:\/\/vs-manufaktur.de\/fr\/wp-json\/wp\/v2\/types\/page"}],"author":[{"embeddable":true,"href":"https:\/\/vs-manufaktur.de\/fr\/wp-json\/wp\/v2\/users\/2"}],"replies":[{"embeddable":true,"href":"https:\/\/vs-manufaktur.de\/fr\/wp-json\/wp\/v2\/comments?post=11985"}],"version-history":[{"count":8,"href":"https:\/\/vs-manufaktur.de\/fr\/wp-json\/wp\/v2\/pages\/11985\/revisions"}],"predecessor-version":[{"id":12850,"href":"https:\/\/vs-manufaktur.de\/fr\/wp-json\/wp\/v2\/pages\/11985\/revisions\/12850"}],"wp:attachment":[{"href":"https:\/\/vs-manufaktur.de\/fr\/wp-json\/wp\/v2\/media?parent=11985"}],"curies":[{"name":"wp","href":"https:\/\/api.w.org\/{rel}","templated":true}]}}

<div class="wpb-content-wrapper"><p>[vc_row][vc_column][vc_column_text]</p>
<h1>Kunstvolle Leuchten bei hoher Qualität</h1>
<p><strong>Wir als Lampenmanufaktur folgen dem Credo: &#8230; für lebenslangen Gebrauch. Im Mittelpunkt steht für uns vor allem eine erstklassige handwerkliche Meisterarbeit und eine zeitlose, edle Gestaltung. Bei der Einrichtung Ihrer Wohnung sollten Sie vor allem auf die Beleuchtung achten. Eine gemütliche Atmosphäre entsteht durch die richtigen Lampen.</strong></p>
<h2>Unsere Lampenmanufaktur verleiht Ihrem Zuhause eine einzigartige Note</h2>
<p>Unsere <strong>Lampenmanufaktur</strong> hat ein Ziel: Bei hoher Qualität und erstklassiger Handarbeit möchten wir Sie mit unserem Design begeistern. Wir bieten Ihnen eine große Vielzahl an Leuchten, die Sie ganz individuell einsetzen können. Wir stellen in unserer Lampenmanufaktur exklusiv für Sie Beleuchtungen her, die Ihnen ein behagliches Wohnen garantieren. Wir gestalten unsere Leuchten edel und zeitlos. So ist für jeden Geschmack die passende Leuchte dabei.[/vc_column_text][/vc_column][/vc_row][vc_row][vc_column width= »1/2&Prime;][vc_single_image image= »11569&Prime; img_size= »full »][/vc_column][vc_column width= »1/2&Prime;][vc_single_image image= »11546&Prime; img_size= »full »][/vc_column][/vc_row][vc_row css= ».vc_custom_1660556294542{margin-top: 30px !important;margin-right: 10% !important;margin-bottom: 40px !important;margin-left: 10% !important;} »][vc_column][vc_column_text]</p>
<h1 style="text-align: center;">Weitere Modelle finden Sie auf den jeweiligen Unterseiten der Kollektionen</h1>
<p>[/vc_column_text][vc_row_inner][vc_column_inner width= »1/3&Prime;][vc_column_text el_class= »Kollektion_Auswahlbutton »]<a href="https://vs-manufaktur.de/portfolio-category/vs/">VS Manufaktur Kollektion</a>[/vc_column_text][/vc_column_inner][vc_column_inner width= »1/3&Prime;][vc_column_text el_class= »Kollektion_Auswahlbutton »]<a href="https://vs-manufaktur.de/kollektionen/kollektion-florian-schulz/">Florian Schulz Kollektion</a>[/vc_column_text][/vc_column_inner][vc_column_inner width= »1/3&Prime;][vc_column_text el_class= »Kollektion_Auswahlbutton »]<a href="https://vs-manufaktur.de/alle-modelle/">Übersicht beider Kollektionen</a>[/vc_column_text][/vc_column_inner][/vc_row_inner][/vc_column][/vc_row]</p>
</div>

<p>[vc_row][vc_column][vc_column_text] Kunstvolle Leuchten bei hoher Qualität Wir als Lampenmanufaktur folgen dem Credo: &#8230; für lebenslangen Gebrauch. Im Mittelpunkt steht für uns vor allem eine erstklassige handwerkliche Meisterarbeit und eine zeitlose, edle Gestaltung. Bei der Einrichtung Ihrer Wohnung sollten Sie vor allem auf die Beleuchtung achten. Eine gemütliche Atmosphäre entsteht durch die richtigen Lampen. Unsere Lampenmanufaktur&hellip;</p>
